{"id":2,"date":"2022-08-12T16:09:48","date_gmt":"2022-08-12T14:09:48","guid":{"rendered":"https:\/\/aik.se\/brottning\/?page_id=2"},"modified":"2026-02-20T09:39:56","modified_gmt":"2026-02-20T08:39:56","slug":"kontakt","status":"publish","type":"page","link":"https:\/\/aik.se\/brottning\/kontakt\/","title":{"rendered":"Kontakt"},"content":{"rendered":"\n<p><strong>F\u00f6r fr\u00e5gor till styrelsen:<\/strong><br><a href=\"mailto:styrelsen@aikbrottning.se\">styrelsen@aikbrottning.se<\/a><\/p>\n\n\n\n<p><strong>F\u00f6r allm\u00e4nna fr\u00e5gor, kontakta:<\/strong><br><a href=\"mailto:info@aikbrottning.se\">info@aikbrottning.se<\/a><\/p>\n\n\n\n<p><strong>F\u00f6r ekonomi fr\u00e5gor, kontakta:<\/strong><br><a href=\"mailto:ekonomi@aikbrottning.se\">ekonomi@aikbrottning.se<\/a><\/p>\n\n\n\n<p><strong>AIK Brottnings styrelse<\/strong><\/p>\n\n\n\n<figure class=\"wp-block-image size-large\"><img loading=\"lazy\" decoding=\"async\" width=\"889\" height=\"1024\" src=\"https:\/\/aik.se\/brottning\/wp-content\/uploads\/sites\/10\/2026\/02\/styrelse-889x1024.jpg\" alt=\"\" class=\"wp-image-562\" srcset=\"https:\/\/aik.se\/brottning\/wp-content\/uploads\/sites\/10\/2026\/02\/styrelse-889x1024.jpg 889w, https:\/\/aik.se\/brottning\/wp-content\/uploads\/sites\/10\/2026\/02\/styrelse-261x300.jpg 261w, https:\/\/aik.se\/brottning\/wp-content\/uploads\/sites\/10\/2026\/02\/styrelse-768x884.jpg 768w, https:\/\/aik.se\/brottning\/wp-content\/uploads\/sites\/10\/2026\/02\/styrelse-1334x1536.jpg 1334w, https:\/\/aik.se\/brottning\/wp-content\/uploads\/sites\/10\/2026\/02\/styrelse-500x576.jpg 500w, https:\/\/aik.se\/brottning\/wp-content\/uploads\/sites\/10\/2026\/02\/styrelse-800x921.jpg 800w, https:\/\/aik.se\/brottning\/wp-content\/uploads\/sites\/10\/2026\/02\/styrelse-1280x1474.jpg 1280w, https:\/\/aik.se\/brottning\/wp-content\/uploads\/sites\/10\/2026\/02\/styrelse.jpg 1440w\" sizes=\"auto, (max-width: 889px) 100vw, 889px\" \/><figcaption class=\"wp-element-caption\">Tony Marathovouniotis, Caroline Sundqvist, Malin Malmberg, Fredrik Tornerhielm  <br>Magdalena Tkaczyk, Leon Kessidis, Raimo Soini, Camilla Martinsson<\/figcaption><\/figure>\n\n\n<style>.wp-block-kadence-advancedheading.kt-adv-heading2_8cb559-3e, .wp-block-kadence-advancedheading.kt-adv-heading2_8cb559-3e[data-kb-block=\"kb-adv-heading2_8cb559-3e\"]{font-style:normal;}.wp-block-kadence-advancedheading.kt-adv-heading2_8cb559-3e mark.kt-highlight, .wp-block-kadence-advancedheading.kt-adv-heading2_8cb559-3e[data-kb-block=\"kb-adv-heading2_8cb559-3e\"] mark.kt-highlight{font-style:normal;color:#f76a0c;-webkit-box-decoration-break:clone;box-decoration-break:clone;padding-top:0px;padding-right:0px;padding-bottom:0px;padding-left:0px;}.wp-block-kadence-advancedheading.kt-adv-heading2_8cb559-3e img.kb-inline-image, .wp-block-kadence-advancedheading.kt-adv-heading2_8cb559-3e[data-kb-block=\"kb-adv-heading2_8cb559-3e\"] img.kb-inline-image{width:150px;vertical-align:baseline;}<\/style>\n<p class=\"kt-adv-heading2_8cb559-3e wp-block-kadence-advancedheading\" data-kb-block=\"kb-adv-heading2_8cb559-3e\"><strong>Postadress:<\/strong><br>Gelbgjutarev\u00e4gen 2<br>171 48, Solna<\/p>\n\n\n<style>.wp-block-kadence-advancedheading.kt-adv-heading2_e32e53-2a, .wp-block-kadence-advancedheading.kt-adv-heading2_e32e53-2a[data-kb-block=\"kb-adv-heading2_e32e53-2a\"]{font-style:normal;}.wp-block-kadence-advancedheading.kt-adv-heading2_e32e53-2a mark.kt-highlight, .wp-block-kadence-advancedheading.kt-adv-heading2_e32e53-2a[data-kb-block=\"kb-adv-heading2_e32e53-2a\"] mark.kt-highlight{font-style:normal;color:#f76a0c;-webkit-box-decoration-break:clone;box-decoration-break:clone;padding-top:0px;padding-right:0px;padding-bottom:0px;padding-left:0px;}.wp-block-kadence-advancedheading.kt-adv-heading2_e32e53-2a img.kb-inline-image, .wp-block-kadence-advancedheading.kt-adv-heading2_e32e53-2a[data-kb-block=\"kb-adv-heading2_e32e53-2a\"] img.kb-inline-image{width:150px;vertical-align:baseline;}<\/style>\n<p class=\"kt-adv-heading2_e32e53-2a wp-block-kadence-advancedheading\" data-kb-block=\"kb-adv-heading2_e32e53-2a\"><strong>Bes\u00f6ksadress:<\/strong><br>Gelbgjutarev\u00e4gen 2, Solna<\/p>\n\n\n<style>.kb-google-maps-container2_6f5c3b-2d{height:450px;}<\/style><div class=\"kb-google-maps-container kb-google-maps-container2_6f5c3b-2d  wp-block-kadence-googlemaps\" data-mapid=\"2_6f5c3b2d\"><iframe width=\"100%\" height=\"100%\"\n\t\t\t\t\t\t\tstyle=\"border:0\" loading=\"lazy\"\n\t\t\t\t\t\t\tsrc=\"https:\/\/www.google.com\/maps\/embed\/v1\/place?key=AIzaSyBAM2o7PiQqwk15LC1XRH2e_KJ-jUa7KYk&#038;zoom=11&#038;maptype=roadmap&#038;q=Gelbjutarev%C3%A4gen+2%2C+Solna\"\n\t\t\t\t\t\t\ttitle=\"Google map of Gelbjutarev\u00e4gen 2, Solna\"><\/iframe><\/div><script>function kb_google_map2_6f5c3b2d() { let center = { lat: 37.8201, lng: -122.4781}; let map = new google.maps.Map(document.getElementById(\"kb-google-map2_6f5c3b2d\"), {\n\t\t\t\t\t    zoom: 11,\n\t\t\t\t\t    center: center,});let marker = new google.maps.Marker({   position: { lat: 37.8201, lng: -122.4781},    map: map,  });}<\/script>","protected":false},"excerpt":{"rendered":"<p>F\u00f6r fr\u00e5gor till styrelsen:styrelsen@aikbrottning.se F\u00f6r allm\u00e4nna fr\u00e5gor, kontakta:info@aikbrottning.se F\u00f6r ekonomi fr\u00e5gor, kontakta:ekonomi@aikbrottning.se AIK Brottnings styrelse Postadress:Gelbgjutarev\u00e4gen 2171 48, Solna Bes\u00f6ksadress:Gelbgjutarev\u00e4gen 2, Solna<\/p>\n","protected":false},"author":24,"featured_media":0,"parent":0,"menu_order":0,"comment_status":"closed","ping_status":"open","template":"","meta":{"_kad_blocks_custom_css":"","_kad_blocks_head_custom_js":"","_kad_blocks_body_custom_js":"","_kad_blocks_footer_custom_js":"","_EventAllDay":false,"_EventTimezone":"","_EventStartDate":"","_EventEndDate":"","_EventStartDateUTC":"","_EventEndDateUTC":"","_EventShowMap":false,"_EventShowMapLink":false,"_EventURL":"","_EventCost":"","_EventCostDescription":"","_EventCurrencySymbol":"","_EventCurrencyCode":"","_EventCurrencyPosition":"","_EventDateTimeSeparator":"","_EventTimeRangeSeparator":"","_EventOrganizerID":[],"_EventVenueID":[],"_OrganizerEmail":"","_OrganizerPhone":"","_OrganizerWebsite":"","_VenueAddress":"","_VenueCity":"","_VenueCountry":"","_VenueProvince":"","_VenueState":"","_VenueZip":"","_VenuePhone":"","_VenueURL":"","_VenueStateProvince":"","_VenueLat":"","_VenueLng":"","_VenueShowMap":false,"_VenueShowMapLink":false,"_vp_format_video_url":"","_vp_image_focal_point":[],"_vp_custom_popup_image":0,"_vp_format_audio_url":"","_vp_album_images":[],"_vp_custom_thumbnail":0,"_vp_custom_thumbnail_focal_point":[],"_vp_custom_thumbnail_cover":0,"_vp_hover_thumbnail":0,"_vp_hover_thumbnail_focal_point":[],"footnotes":""},"class_list":["post-2","page","type-page","status-publish","hentry"],"blocksy_meta":{"styles_descriptor":{"styles":{"desktop":"","tablet":"","mobile":""},"google_fonts":[],"version":6}},"taxonomy_info":[],"featured_image_src_large":false,"author_info":{"display_name":"Realisatorerna","author_link":"https:\/\/aik.se\/brottning\/author\/realisatorerna\/"},"comment_info":0,"_links":{"self":[{"href":"https:\/\/aik.se\/brottning\/wp-json\/wp\/v2\/pages\/2","targetHints":{"allow":["GET"]}}],"collection":[{"href":"https:\/\/aik.se\/brottning\/wp-json\/wp\/v2\/pages"}],"about":[{"href":"https:\/\/aik.se\/brottning\/wp-json\/wp\/v2\/types\/page"}],"author":[{"embeddable":true,"href":"https:\/\/aik.se\/brottning\/wp-json\/wp\/v2\/users\/24"}],"replies":[{"embeddable":true,"href":"https:\/\/aik.se\/brottning\/wp-json\/wp\/v2\/comments?post=2"}],"version-history":[{"count":10,"href":"https:\/\/aik.se\/brottning\/wp-json\/wp\/v2\/pages\/2\/revisions"}],"predecessor-version":[{"id":566,"href":"https:\/\/aik.se\/brottning\/wp-json\/wp\/v2\/pages\/2\/revisions\/566"}],"wp:attachment":[{"href":"https:\/\/aik.se\/brottning\/wp-json\/wp\/v2\/media?parent=2"}],"curies":[{"name":"wp","href":"https:\/\/api.w.org\/{rel}","templated":true}]}}