{"id":259,"date":"2023-06-19T18:29:55","date_gmt":"2023-06-19T16:29:55","guid":{"rendered":"https:\/\/aik.se\/dart\/?page_id=259"},"modified":"2023-09-07T16:51:52","modified_gmt":"2023-09-07T14:51:52","slug":"sponsring","status":"publish","type":"page","link":"https:\/\/aik.se\/dart\/sponsring\/","title":{"rendered":"Sponsring"},"content":{"rendered":"<style>.wp-block-kadence-advancedheading.kt-adv-heading259_bb513d-f8, .wp-block-kadence-advancedheading.kt-adv-heading259_bb513d-f8[data-kb-block=\"kb-adv-heading259_bb513d-f8\"]{font-style:normal;}.wp-block-kadence-advancedheading.kt-adv-heading259_bb513d-f8 mark.kt-highlight, .wp-block-kadence-advancedheading.kt-adv-heading259_bb513d-f8[data-kb-block=\"kb-adv-heading259_bb513d-f8\"] mark.kt-highlight{font-style:normal;color:#f76a0c;-webkit-box-decoration-break:clone;box-decoration-break:clone;padding-top:0px;padding-right:0px;padding-bottom:0px;padding-left:0px;}.wp-block-kadence-advancedheading.kt-adv-heading259_bb513d-f8 img.kb-inline-image, .wp-block-kadence-advancedheading.kt-adv-heading259_bb513d-f8[data-kb-block=\"kb-adv-heading259_bb513d-f8\"] img.kb-inline-image{width:150px;vertical-align:baseline;}<\/style>\n<h2 class=\"kt-adv-heading259_bb513d-f8 wp-block-kadence-advancedheading\" data-kb-block=\"kb-adv-heading259_bb513d-f8\">Sponsorpaket<\/h2>\n\n\n\n<p><strong>Small<\/strong>: Tryck p\u00e5 matchtr\u00f6jan och inbjudan till en dartkv\u00e4ll med mat och dryck tillsammans med \u00f6vriga sponsorer.<\/p>\n\n\n\n<p><strong>Medium<\/strong>: Tryck p\u00e5 matchtr\u00f6jan, exponering och l\u00e4nk p\u00e5 AIK Darts hemsida, inbjudan till en dartkv\u00e4ll med mat och dryck tillsammans med \u00f6vriga sponsorer.<\/p>\n\n\n\n<p><strong>Large<\/strong>: Tryck p\u00e5 matchtr\u00f6jan, exponering och l\u00e4nk p\u00e5 AIK Darts hemsida, m\u00f6jlighet att anordna ett eget dartarrangemang f\u00f6r ditt f\u00f6retag och\/eller kunder tillsammans med spelare fr\u00e5n AIK Dart,&nbsp; inbjudan till en dartkv\u00e4ll med mat och dryck tillsammans med \u00f6vriga sponsorer.<\/p>\n\n\n\n<p>Ta chansen att sponsra AIK Dartf\u00f6rening innan matchtr\u00f6jorna f\u00f6r s\u00e4songen 2023\/24 trycks upp.<br>Skicka mejl med sponsorf\u00f6rfr\u00e5gan till sponsor@aikdart.se<\/p>\n\n\n\n<p><\/p>\n\n\n<style>.wp-block-kadence-advancedheading.kt-adv-heading259_ca7bab-ed, .wp-block-kadence-advancedheading.kt-adv-heading259_ca7bab-ed[data-kb-block=\"kb-adv-heading259_ca7bab-ed\"]{font-style:normal;}.wp-block-kadence-advancedheading.kt-adv-heading259_ca7bab-ed mark.kt-highlight, .wp-block-kadence-advancedheading.kt-adv-heading259_ca7bab-ed[data-kb-block=\"kb-adv-heading259_ca7bab-ed\"] mark.kt-highlight{font-style:normal;color:#f76a0c;-webkit-box-decoration-break:clone;box-decoration-break:clone;padding-top:0px;padding-right:0px;padding-bottom:0px;padding-left:0px;}.wp-block-kadence-advancedheading.kt-adv-heading259_ca7bab-ed img.kb-inline-image, .wp-block-kadence-advancedheading.kt-adv-heading259_ca7bab-ed[data-kb-block=\"kb-adv-heading259_ca7bab-ed\"] img.kb-inline-image{width:150px;vertical-align:baseline;}<\/style>\n<h2 class=\"kt-adv-heading259_ca7bab-ed wp-block-kadence-advancedheading\" data-kb-block=\"kb-adv-heading259_ca7bab-ed\">V\u00e5ra sponsorer<\/h2>\n\n\n\n<div class=\"wp-block-columns is-layout-flex wp-container-core-columns-is-layout-28f84493 wp-block-columns-is-layout-flex\">\n<div class=\"wp-block-column is-layout-flow wp-block-column-is-layout-flow\" style=\"flex-basis:100%\">\n<figure class=\"wp-block-image size-full is-resized\"><a href=\"https:\/\/www.it-visionaren.se\/\" target=\"_blank\" rel=\"noreferrer noopener\"><img loading=\"lazy\" decoding=\"async\" src=\"https:\/\/aik.se\/dart\/wp-content\/uploads\/sites\/9\/2023\/06\/AIK_it-visionaren.jpg\" alt=\"\" class=\"wp-image-330\" style=\"width:228px;height:134px\" width=\"228\" height=\"134\" srcset=\"https:\/\/aik.se\/dart\/wp-content\/uploads\/sites\/9\/2023\/06\/AIK_it-visionaren.jpg 318w, https:\/\/aik.se\/dart\/wp-content\/uploads\/sites\/9\/2023\/06\/AIK_it-visionaren-300x176.jpg 300w\" sizes=\"auto, (max-width: 228px) 100vw, 228px\" \/><\/a><\/figure>\n\n\n<style>.kb-image259_3e433c-f8.kb-image-is-ratio-size, .kb-image259_3e433c-f8 .kb-image-is-ratio-size{max-width:313px;width:100%;}.wp-block-kadence-column > .kt-inside-inner-col > .kb-image259_3e433c-f8.kb-image-is-ratio-size, .wp-block-kadence-column > .kt-inside-inner-col > .kb-image259_3e433c-f8 .kb-image-is-ratio-size{align-self:unset;}.kb-image259_3e433c-f8{max-width:313px;}.image-is-svg.kb-image259_3e433c-f8{-webkit-flex:0 1 100%;flex:0 1 100%;}.image-is-svg.kb-image259_3e433c-f8 img{width:100%;}.kb-image259_3e433c-f8 .kb-image-has-overlay:after{opacity:0.3;}<\/style>\n<figure class=\"wp-block-kadence-image kb-image259_3e433c-f8 size-full\"><a href=\"https:\/\/bernskoldsmaleri.se\" class=\"kb-advanced-image-link\" target=\"_blank\" rel=\"noopener noreferrer\"><img loading=\"lazy\" decoding=\"async\" width=\"904\" height=\"297\" src=\"https:\/\/aik.se\/dart\/wp-content\/uploads\/sites\/9\/2023\/06\/AIK_Bernskolds-1.jpg\" alt=\"\" class=\"kb-img wp-image-331\" srcset=\"https:\/\/aik.se\/dart\/wp-content\/uploads\/sites\/9\/2023\/06\/AIK_Bernskolds-1.jpg 904w, https:\/\/aik.se\/dart\/wp-content\/uploads\/sites\/9\/2023\/06\/AIK_Bernskolds-1-300x99.jpg 300w, https:\/\/aik.se\/dart\/wp-content\/uploads\/sites\/9\/2023\/06\/AIK_Bernskolds-1-768x252.jpg 768w, https:\/\/aik.se\/dart\/wp-content\/uploads\/sites\/9\/2023\/06\/AIK_Bernskolds-1-500x164.jpg 500w, https:\/\/aik.se\/dart\/wp-content\/uploads\/sites\/9\/2023\/06\/AIK_Bernskolds-1-800x263.jpg 800w\" sizes=\"auto, (max-width: 904px) 100vw, 904px\" \/><\/a><\/figure>\n<\/div>\n<\/div>\n\n\n\n<figure class=\"wp-block-image size-full is-resized\"><a href=\"https:\/\/dartbutik.se\/\" target=\"_blank\" rel=\"noreferrer noopener\"><img loading=\"lazy\" decoding=\"async\" src=\"https:\/\/aik.se\/dart\/wp-content\/uploads\/sites\/9\/2023\/09\/dartbutik_2-1.jpg\" alt=\"\" class=\"wp-image-357\" style=\"width:301px;height:69px\" width=\"301\" height=\"69\" \/><\/a><\/figure>\n","protected":false},"excerpt":{"rendered":"<p>Sponsorpaket Small: Tryck p\u00e5 matchtr\u00f6jan och inbjudan till en dartkv\u00e4ll med mat och dryck tillsammans med \u00f6vriga sponsorer. Medium: Tryck p\u00e5 matchtr\u00f6jan, exponering och l\u00e4nk p\u00e5 AIK Darts hemsida, inbjudan [&hellip;]<\/p>\n","protected":false},"author":75,"featured_media":0,"parent":0,"menu_order":0,"comment_status":"closed","ping_status":"closed","template":"","meta":{"_kad_blocks_custom_css":"","_kad_blocks_head_custom_js":"","_kad_blocks_body_custom_js":"","_kad_blocks_footer_custom_js":"","_EventAllDay":false,"_EventTimezone":"","_EventStartDate":"","_EventEndDate":"","_EventStartDateUTC":"","_EventEndDateUTC":"","_EventShowMap":false,"_EventShowMapLink":false,"_EventURL":"","_EventCost":"","_EventCostDescription":"","_EventCurrencySymbol":"","_EventCurrencyCode":"","_EventCurrencyPosition":"","_EventDateTimeSeparator":"","_EventTimeRangeSeparator":"","_EventOrganizerID":[],"_EventVenueID":[0],"_OrganizerEmail":"","_OrganizerPhone":"","_OrganizerWebsite":"","_VenueAddress":"","_VenueCity":"","_VenueCountry":"","_VenueProvince":"","_VenueState":"","_VenueZip":"","_VenuePhone":"","_VenueURL":"","_VenueStateProvince":"","_VenueLat":"","_VenueLng":"","_VenueShowMap":false,"_VenueShowMapLink":false,"_vp_format_video_url":"","_vp_image_focal_point":[],"_vp_custom_popup_image":0,"_vp_format_audio_url":"","_vp_album_images":[],"_vp_custom_thumbnail":329,"_vp_custom_thumbnail_focal_point":{"x":0,"y":1},"_vp_custom_thumbnail_cover":0,"_vp_hover_thumbnail":0,"_vp_hover_thumbnail_focal_point":[],"footnotes":""},"class_list":["post-259","page","type-page","status-publish","hentry"],"blocksy_meta":[],"taxonomy_info":[],"featured_image_src_large":false,"author_info":{"display_name":"Martin Ross-Langley","author_link":"https:\/\/aik.se\/dart\/author\/vretarna\/"},"comment_info":0,"_links":{"self":[{"href":"https:\/\/aik.se\/dart\/wp-json\/wp\/v2\/pages\/259","targetHints":{"allow":["GET"]}}],"collection":[{"href":"https:\/\/aik.se\/dart\/wp-json\/wp\/v2\/pages"}],"about":[{"href":"https:\/\/aik.se\/dart\/wp-json\/wp\/v2\/types\/page"}],"author":[{"embeddable":true,"href":"https:\/\/aik.se\/dart\/wp-json\/wp\/v2\/users\/75"}],"replies":[{"embeddable":true,"href":"https:\/\/aik.se\/dart\/wp-json\/wp\/v2\/comments?post=259"}],"version-history":[{"count":10,"href":"https:\/\/aik.se\/dart\/wp-json\/wp\/v2\/pages\/259\/revisions"}],"predecessor-version":[{"id":361,"href":"https:\/\/aik.se\/dart\/wp-json\/wp\/v2\/pages\/259\/revisions\/361"}],"wp:attachment":[{"href":"https:\/\/aik.se\/dart\/wp-json\/wp\/v2\/media?parent=259"}],"curies":[{"name":"wp","href":"https:\/\/api.w.org\/{rel}","templated":true}]}}