{"id":863,"date":"2023-10-15T13:38:43","date_gmt":"2023-10-15T11:38:43","guid":{"rendered":"https:\/\/aik.se\/friidrott\/?page_id=863"},"modified":"2024-03-25T20:21:18","modified_gmt":"2024-03-25T19:21:18","slug":"historik","status":"publish","type":"page","link":"https:\/\/aik.se\/friidrott\/historik\/","title":{"rendered":"AIK Friidrotts historia"},"content":{"rendered":"<style>.kb-row-layout-id863_7ea0e1-9d > .kt-row-column-wrap{align-content:start;}:where(.kb-row-layout-id863_7ea0e1-9d > .kt-row-column-wrap) > .wp-block-kadence-column{justify-content:start;}.kb-row-layout-id863_7ea0e1-9d > .kt-row-column-wrap{column-gap:var(--global-kb-gap-md, 2rem);row-gap:var(--global-kb-gap-md, 2rem);padding-top:var(--global-kb-spacing-sm, 1.5rem);padding-bottom:var(--global-kb-spacing-sm, 1.5rem);grid-template-columns:minmax(0, 1fr) minmax(0, 2fr);}.kb-row-layout-id863_7ea0e1-9d > .kt-row-layout-overlay{opacity:0.30;}@media all and (max-width: 1024px){.kb-row-layout-id863_7ea0e1-9d > .kt-row-column-wrap{grid-template-columns:minmax(0, 1fr) minmax(0, 2fr);}}@media all and (max-width: 767px){.kb-row-layout-id863_7ea0e1-9d > .kt-row-column-wrap{grid-template-columns:minmax(0, 1fr);}}<\/style><div class=\"kb-row-layout-wrap kb-row-layout-id863_7ea0e1-9d alignnone wp-block-kadence-rowlayout\"><div class=\"kt-row-column-wrap kt-has-2-columns kt-row-layout-right-golden kt-tab-layout-inherit kt-mobile-layout-row kt-row-valign-top\">\n<style>#wrapper.site{overflow:clip;}.kadence-column863_07ff94-92{--kb-section-setting-offset:150px;}.kadence-column863_07ff94-92 > .kt-inside-inner-col,.kadence-column863_07ff94-92 > .kt-inside-inner-col:before{border-top-left-radius:0px;border-top-right-radius:0px;border-bottom-right-radius:0px;border-bottom-left-radius:0px;}.kadence-column863_07ff94-92 > .kt-inside-inner-col{column-gap:var(--global-kb-gap-sm, 1rem);}.kadence-column863_07ff94-92 > .kt-inside-inner-col{flex-direction:column;}.kadence-column863_07ff94-92 > .kt-inside-inner-col > .aligncenter{width:100%;}.kadence-column863_07ff94-92 > .kt-inside-inner-col:before{opacity:0.3;}.kadence-column863_07ff94-92{position:relative;}@media all and (max-width: 1024px){.kadence-column863_07ff94-92 > .kt-inside-inner-col{flex-direction:column;justify-content:center;}}@media all and (max-width: 767px){.kadence-column863_07ff94-92 > .kt-inside-inner-col{flex-direction:column;justify-content:center;}}<\/style>\n<div class=\"wp-block-kadence-column kadence-column863_07ff94-92 kb-section-is-sticky\"><div class=\"kt-inside-inner-col\"><style>.kb-table-of-content-nav.kb-table-of-content-id863_2faffe-c6 .kb-table-of-content-wrap{padding-top:var(--global-kb-spacing-sm, 1.5rem);padding-right:var(--global-kb-spacing-sm, 1.5rem);padding-bottom:var(--global-kb-spacing-sm, 1.5rem);padding-left:var(--global-kb-spacing-sm, 1.5rem);}.kb-table-of-content-nav.kb-table-of-content-id863_2faffe-c6 .kb-table-of-contents-title-wrap{padding-top:0px;padding-right:0px;padding-bottom:0px;padding-left:0px;}.kb-table-of-content-nav.kb-table-of-content-id863_2faffe-c6 .kb-table-of-contents-title{font-weight:regular;font-style:normal;}.kb-table-of-content-nav.kb-table-of-content-id863_2faffe-c6 .kb-table-of-content-wrap .kb-table-of-content-list{font-weight:regular;font-style:normal;margin-top:var(--global-kb-spacing-sm, 1.5rem);margin-right:0px;margin-bottom:0px;margin-left:0px;}<\/style><\/div><\/div>\n\n\n<style>.kadence-column863_8f5658-73 > .kt-inside-inner-col,.kadence-column863_8f5658-73 > .kt-inside-inner-col:before{border-top-left-radius:0px;border-top-right-radius:0px;border-bottom-right-radius:0px;border-bottom-left-radius:0px;}.kadence-column863_8f5658-73 > .kt-inside-inner-col{column-gap:var(--global-kb-gap-sm, 1rem);}.kadence-column863_8f5658-73 > .kt-inside-inner-col{flex-direction:column;}.kadence-column863_8f5658-73 > .kt-inside-inner-col > .aligncenter{width:100%;}.kadence-column863_8f5658-73 > .kt-inside-inner-col:before{opacity:0.3;}.kadence-column863_8f5658-73{position:relative;}@media all and (max-width: 1024px){.kadence-column863_8f5658-73 > .kt-inside-inner-col{flex-direction:column;justify-content:center;}}@media all and (max-width: 767px){.kadence-column863_8f5658-73 > .kt-inside-inner-col{flex-direction:column;justify-content:center;}}<\/style>\n<div class=\"wp-block-kadence-column kadence-column863_8f5658-73\"><div class=\"kt-inside-inner-col\"><style>.wp-block-kadence-advancedheading.kt-adv-heading863_661094-4d, .wp-block-kadence-advancedheading.kt-adv-heading863_661094-4d[data-kb-block=\"kb-adv-heading863_661094-4d\"]{font-size:var(--global-kb-font-size-md, 1.25rem);font-style:normal;}.wp-block-kadence-advancedheading.kt-adv-heading863_661094-4d mark.kt-highlight, .wp-block-kadence-advancedheading.kt-adv-heading863_661094-4d[data-kb-block=\"kb-adv-heading863_661094-4d\"] mark.kt-highlight{font-style:normal;color:#f76a0c;-webkit-box-decoration-break:clone;box-decoration-break:clone;padding-top:0px;padding-right:0px;padding-bottom:0px;padding-left:0px;}.wp-block-kadence-advancedheading.kt-adv-heading863_661094-4d img.kb-inline-image, .wp-block-kadence-advancedheading.kt-adv-heading863_661094-4d[data-kb-block=\"kb-adv-heading863_661094-4d\"] img.kb-inline-image{width:150px;vertical-align:baseline;}<\/style>\n<h5 class=\"kt-adv-heading863_661094-4d wp-block-kadence-advancedheading\" data-kb-block=\"kb-adv-heading863_661094-4d\">AIK:s friidrottsverksamhet har anor som str\u00e4cker sig tillbaka till 1891 d\u00e5 klubben bildades. Det blev 23 SM-guld, 19 officiella svenska rekord, v\u00e4rldsrekord p\u00e5 4x200m samt sju deltaganden i OS fram till 1916, d\u00e5 friidrottsverksamheten lades ned. 96 \u00e5r senare, 2012, \u00e5terupptogs verksamheten.<\/h5>\n\n\n<style>.wp-block-kadence-advancedheading.kt-adv-heading863_c9548e-a8, .wp-block-kadence-advancedheading.kt-adv-heading863_c9548e-a8[data-kb-block=\"kb-adv-heading863_c9548e-a8\"]{font-style:normal;}.wp-block-kadence-advancedheading.kt-adv-heading863_c9548e-a8 mark.kt-highlight, .wp-block-kadence-advancedheading.kt-adv-heading863_c9548e-a8[data-kb-block=\"kb-adv-heading863_c9548e-a8\"] mark.kt-highlight{font-style:normal;color:#f76a0c;-webkit-box-decoration-break:clone;box-decoration-break:clone;padding-top:0px;padding-right:0px;padding-bottom:0px;padding-left:0px;}.wp-block-kadence-advancedheading.kt-adv-heading863_c9548e-a8 img.kb-inline-image, .wp-block-kadence-advancedheading.kt-adv-heading863_c9548e-a8[data-kb-block=\"kb-adv-heading863_c9548e-a8\"] img.kb-inline-image{width:150px;vertical-align:baseline;}<\/style>\n<h4 class=\"kt-adv-heading863_c9548e-a8 wp-block-kadence-advancedheading\" data-kb-block=\"kb-adv-heading863_c9548e-a8\"><strong>H\u00e4r \u00e4r AIK:s 23 SM-guld:<\/strong><\/h4>\n\n\n\n<p><strong>200 meter<\/strong><br>1910: Erik Lindholm<\/p>\n\n\n\n<p><strong>400 meter<\/strong><br>1906: Carl Axen Thor\u00e9n<br>1909: Knut Stenborg<br>1910: Erik Lindholm<br>1912: Erik Lindholm<\/p>\n\n\n\n<p><strong>10 000 meter<\/strong><br>1910: Bror Fock<\/p>\n\n\n\n<p><strong>110 meter h\u00e4ck<\/strong><br>1915: Paul Zerling<\/p>\n\n\n\n<p><strong>400 meter h\u00e4ck<\/strong><br>1914: Paul Zerling<br>1915: Paul Zerling<\/p>\n\n\n\n<p><strong>4&#215;100 meter<\/strong><br>1900: Gunnar Stenberg, Oscar Wallentin, Fritz Carlsson-Carling, Herman Juhlin<br>1901: Gunnar Stenberg, Fritz Carlsson-Carling, Gunnar Malmqvist, Herman Juhlin<br>1905: Herman Lindqvist, Fritz Carlsson-Carling, Axel Ljung, Carl Ljung<br>1906: Axel Ljung, Fritz Carlsson-Carling, Erik Frick, Herman Lindqvist<br>1913: Eric Sch\u00f6rling, Thomas Lundqvist, Paul Zerling, Ragnar Ekberg<\/p>\n\n\n\n<p><strong>4&#215;400 meter<\/strong><br>1912: Thomas Lundqvist, Eric Sch\u00f6rling, Paul Zerling, Erik Lindholm<\/p>\n\n\n\n<p><strong>G\u00e5ng 5000 meter<\/strong><br>1898: Sigfrid Stenberg<\/p>\n\n\n\n<p><strong>Tresteg<\/strong><br>1910: Sten Hagander<br>1911: Sten Hagander<\/p>\n\n\n\n<p><strong>St\u00e5ende l\u00e4ngdhopp<\/strong><br>1909: Ragnar Ekberg<br>1910: Ragnar Ekberg<br>1911: Ragnar Ekberg<\/p>\n\n\n\n<p><strong>H\u00f6jdhopp<\/strong><br>1910: Sten Hagander<\/p>\n\n\n\n<p><strong>Spjutkastning med b\u00e5da h\u00e4nderna<\/strong><br>1910: Sten Hagander<\/p>\n\n\n<style>.wp-block-kadence-advancedheading.kt-adv-heading863_f34946-d4, .wp-block-kadence-advancedheading.kt-adv-heading863_f34946-d4[data-kb-block=\"kb-adv-heading863_f34946-d4\"]{font-style:normal;}.wp-block-kadence-advancedheading.kt-adv-heading863_f34946-d4 mark.kt-highlight, .wp-block-kadence-advancedheading.kt-adv-heading863_f34946-d4[data-kb-block=\"kb-adv-heading863_f34946-d4\"] mark.kt-highlight{font-style:normal;color:#f76a0c;-webkit-box-decoration-break:clone;box-decoration-break:clone;padding-top:0px;padding-right:0px;padding-bottom:0px;padding-left:0px;}.wp-block-kadence-advancedheading.kt-adv-heading863_f34946-d4 img.kb-inline-image, .wp-block-kadence-advancedheading.kt-adv-heading863_f34946-d4[data-kb-block=\"kb-adv-heading863_f34946-d4\"] img.kb-inline-image{width:150px;vertical-align:baseline;}<\/style>\n<h4 class=\"kt-adv-heading863_f34946-d4 wp-block-kadence-advancedheading\" data-kb-block=\"kb-adv-heading863_f34946-d4\"><strong>AIK:s v\u00e4rldsrekord<\/strong><\/h4>\n\n\n\n<p>4x200m p\u00e5 tiden 1.36:00 den 13 september 1908. V\u00e4rldsrekordet sattes av Axel Ljung, Josef Pettersson, M. Almqvist och Hilding H\u00e5kansson och stod sig i n\u00e4stan elva \u00e5r, fram till 7 juni 1919. Det var Sveriges f\u00f6rsta officiella v\u00e4rldsrekord.<\/p>\n\n\n<style>.wp-block-kadence-advancedheading.kt-adv-heading863_19cb00-85, .wp-block-kadence-advancedheading.kt-adv-heading863_19cb00-85[data-kb-block=\"kb-adv-heading863_19cb00-85\"]{font-style:normal;}.wp-block-kadence-advancedheading.kt-adv-heading863_19cb00-85 mark.kt-highlight, .wp-block-kadence-advancedheading.kt-adv-heading863_19cb00-85[data-kb-block=\"kb-adv-heading863_19cb00-85\"] mark.kt-highlight{font-style:normal;color:#f76a0c;-webkit-box-decoration-break:clone;box-decoration-break:clone;padding-top:0px;padding-right:0px;padding-bottom:0px;padding-left:0px;}.wp-block-kadence-advancedheading.kt-adv-heading863_19cb00-85 img.kb-inline-image, .wp-block-kadence-advancedheading.kt-adv-heading863_19cb00-85[data-kb-block=\"kb-adv-heading863_19cb00-85\"] img.kb-inline-image{width:150px;vertical-align:baseline;}<\/style>\n<h4 class=\"kt-adv-heading863_19cb00-85 wp-block-kadence-advancedheading\" data-kb-block=\"kb-adv-heading863_19cb00-85\"><strong>Den f\u00f6rsta stj\u00e4rnan<\/strong><\/h4>\n\n\n\n<p>Patrik L\u00f6fgren var AIK:s f\u00f6rsta l\u00f6parstj\u00e4rna. 1892 vann han den \u00e5tr\u00e5v\u00e4rda Dicksonpokalen n\u00e4r han sprang hem en engelsk mil p\u00e5 4:43.4. Han f\u00f6rsvarade titeln b\u00e5de 1893 och 1894 och d\u00e4rmed blev Dicksonpokalen AIK:s f\u00f6r alltid. \u00c4ven 1896 tog han hem pokalen.<\/p>\n\n\n\n<figure class=\"wp-block-image size-full is-resized\"><img loading=\"lazy\" decoding=\"async\" width=\"483\" height=\"657\" src=\"https:\/\/aik.se\/friidrott\/wp-content\/uploads\/sites\/11\/2023\/12\/aik-friidrott-patrik-lofgren.webp\" alt=\"\" class=\"wp-image-893\" style=\"width:253px;height:auto\" srcset=\"https:\/\/aik.se\/friidrott\/wp-content\/uploads\/sites\/11\/2023\/12\/aik-friidrott-patrik-lofgren.webp 483w, https:\/\/aik.se\/friidrott\/wp-content\/uploads\/sites\/11\/2023\/12\/aik-friidrott-patrik-lofgren-221x300.webp 221w\" sizes=\"auto, (max-width: 483px) 100vw, 483px\" \/><\/figure>\n\n\n\n<p><em>Patrik L\u00f6fgren<\/em>.<\/p>\n\n\n<style>.wp-block-kadence-advancedheading.kt-adv-heading863_e0385c-b8, .wp-block-kadence-advancedheading.kt-adv-heading863_e0385c-b8[data-kb-block=\"kb-adv-heading863_e0385c-b8\"]{font-style:normal;}.wp-block-kadence-advancedheading.kt-adv-heading863_e0385c-b8 mark.kt-highlight, .wp-block-kadence-advancedheading.kt-adv-heading863_e0385c-b8[data-kb-block=\"kb-adv-heading863_e0385c-b8\"] mark.kt-highlight{font-style:normal;color:#f76a0c;-webkit-box-decoration-break:clone;box-decoration-break:clone;padding-top:0px;padding-right:0px;padding-bottom:0px;padding-left:0px;}.wp-block-kadence-advancedheading.kt-adv-heading863_e0385c-b8 img.kb-inline-image, .wp-block-kadence-advancedheading.kt-adv-heading863_e0385c-b8[data-kb-block=\"kb-adv-heading863_e0385c-b8\"] img.kb-inline-image{width:150px;vertical-align:baseline;}<\/style>\n<h4 class=\"kt-adv-heading863_e0385c-b8 wp-block-kadence-advancedheading\" data-kb-block=\"kb-adv-heading863_e0385c-b8\"><strong>Den f\u00f6rsta svenska m\u00e4staren<\/strong><\/h4>\n\n\n\n<p>Sigfrid Stenberg vann sommaren 1898 AIK:s f\u00f6rsta SM-guld n\u00e5gonsin (alla idrotter inkluderade) n\u00e4r han vann 5 000 meter g\u00e5ng p\u00e5 tiden 27.00,4. Sigge Stenberg \u00e4r inte bara historisk som AIK:s f\u00f6rsta svenska m\u00e4stare, 1896 var det han som startade upp AIK:s fotbollsverksamhet.<\/p>\n\n\n\n<figure class=\"wp-block-image size-full\"><img loading=\"lazy\" decoding=\"async\" width=\"150\" height=\"200\" src=\"https:\/\/aik.se\/friidrott\/wp-content\/uploads\/sites\/11\/2023\/12\/aik-friidrott-sigfrid-stenberg.webp\" alt=\"\" class=\"wp-image-930\" \/><\/figure>\n\n\n\n<p><em>Sigfrid Stenberg.<\/em><\/p>\n\n\n<style>.wp-block-kadence-advancedheading.kt-adv-heading863_3ab2f4-ce, .wp-block-kadence-advancedheading.kt-adv-heading863_3ab2f4-ce[data-kb-block=\"kb-adv-heading863_3ab2f4-ce\"]{font-style:normal;}.wp-block-kadence-advancedheading.kt-adv-heading863_3ab2f4-ce mark.kt-highlight, .wp-block-kadence-advancedheading.kt-adv-heading863_3ab2f4-ce[data-kb-block=\"kb-adv-heading863_3ab2f4-ce\"] mark.kt-highlight{font-style:normal;color:#f76a0c;-webkit-box-decoration-break:clone;box-decoration-break:clone;padding-top:0px;padding-right:0px;padding-bottom:0px;padding-left:0px;}.wp-block-kadence-advancedheading.kt-adv-heading863_3ab2f4-ce img.kb-inline-image, .wp-block-kadence-advancedheading.kt-adv-heading863_3ab2f4-ce[data-kb-block=\"kb-adv-heading863_3ab2f4-ce\"] img.kb-inline-image{width:150px;vertical-align:baseline;}<\/style>\n<h4 class=\"kt-adv-heading863_3ab2f4-ce wp-block-kadence-advancedheading\" data-kb-block=\"kb-adv-heading863_3ab2f4-ce\"><strong>Friidrottare vann SM-guld i fotboll<\/strong><\/h4>\n\n\n\n<p class=\"has--font-size\">\u00c5r 1900 vann AIK sitt f\u00f6rsta SM-guld i fotboll genom att besegra \u00d6rgryte i finalen. P\u00e5 den tiden var SM i fotboll en del av friidrotts-SM. N\u00e4r AIK st\u00e4llde upp f\u00f6r final bestod laget av tre spelare som samma dag sprungit hem SM-guld p\u00e5 4&#215;100 meter: Gunnar Stenberg, Fritz Carlsson-Carling och Herman Juhlin. <\/p>\n\n\n\n<figure class=\"wp-block-image size-full\"><img loading=\"lazy\" decoding=\"async\" width=\"250\" height=\"278\" src=\"https:\/\/aik.se\/friidrott\/wp-content\/uploads\/sites\/11\/2023\/12\/aik-friidrott-svenska-mastare-1900.jpg\" alt=\"\" class=\"wp-image-872\" \/><\/figure>\n\n\n\n<p><em>AIK:s svenska m\u00e4stare p\u00e5 4&#215;100 meter h\u00e4ck 1900, fr\u00e5n v\u00e4nster Gunnar Stenberg, Oscar Wallentin, Fritz Carlsson-Carling och Herman Juhlin.<\/em><\/p>\n\n\n<style>.wp-block-kadence-advancedheading.kt-adv-heading863_338fba-fa, .wp-block-kadence-advancedheading.kt-adv-heading863_338fba-fa[data-kb-block=\"kb-adv-heading863_338fba-fa\"]{font-style:normal;}.wp-block-kadence-advancedheading.kt-adv-heading863_338fba-fa mark.kt-highlight, .wp-block-kadence-advancedheading.kt-adv-heading863_338fba-fa[data-kb-block=\"kb-adv-heading863_338fba-fa\"] mark.kt-highlight{font-style:normal;color:#f76a0c;-webkit-box-decoration-break:clone;box-decoration-break:clone;padding-top:0px;padding-right:0px;padding-bottom:0px;padding-left:0px;}.wp-block-kadence-advancedheading.kt-adv-heading863_338fba-fa img.kb-inline-image, .wp-block-kadence-advancedheading.kt-adv-heading863_338fba-fa[data-kb-block=\"kb-adv-heading863_338fba-fa\"] img.kb-inline-image{width:150px;vertical-align:baseline;}<\/style>\n<h4 class=\"kt-adv-heading863_338fba-fa wp-block-kadence-advancedheading\" data-kb-block=\"kb-adv-heading863_338fba-fa\"><strong>Den senaste stj\u00e4rnan<\/strong><\/h4>\n\n\n\n<p>Paul Zerling tog hem fem SM-guld 1912-15:<br>1912: Stafett 4&#215;400 meter<br>1913: Stafett 4&#215;100 meter<br>1914: 400 meter h\u00e4ck<br>1915: 400 meter h\u00e4ck<br>1915: 110 meter h\u00e4ck<br>Paul hade det svenska rekordet p\u00e5 110 meter h\u00e4ck (15,9 under perioden 1912-18) och p\u00e5 400 meter h\u00e4ck (58,9-58,6 under perioden 1914-16). Dessutom var han med i tv\u00e5 grenar under OS 1912. Stafettlaget p\u00e5 4&#215;400 meter slogs ut i f\u00f6rs\u00f6ken, p\u00e5 400 meter \u00e5kte Paul ut i semifinalen.<\/p>\n\n\n\n<figure class=\"wp-block-image size-full\"><img loading=\"lazy\" decoding=\"async\" width=\"522\" height=\"675\" src=\"https:\/\/aik.se\/friidrott\/wp-content\/uploads\/sites\/11\/2023\/12\/aik-friidrott-paul-zerling.jpg\" alt=\"\" class=\"wp-image-932\" srcset=\"https:\/\/aik.se\/friidrott\/wp-content\/uploads\/sites\/11\/2023\/12\/aik-friidrott-paul-zerling.jpg 522w, https:\/\/aik.se\/friidrott\/wp-content\/uploads\/sites\/11\/2023\/12\/aik-friidrott-paul-zerling-232x300.jpg 232w, https:\/\/aik.se\/friidrott\/wp-content\/uploads\/sites\/11\/2023\/12\/aik-friidrott-paul-zerling-500x647.jpg 500w\" sizes=\"auto, (max-width: 522px) 100vw, 522px\" \/><\/figure>\n\n\n\n<p><em>Paul Zerling, till h\u00f6ger, under OS 1912.<\/em><\/p>\n<\/div><\/div>\n\n<\/div><\/div>","protected":false},"excerpt":{"rendered":"<p>AIK:s friidrottsverksamhet har anor som str\u00e4cker sig tillbaka till 1891 d\u00e5 klubben bildades. Det blev 23 SM-guld, 19 officiella svenska rekord, v\u00e4rldsrekord p\u00e5 4x200m samt sju deltaganden i OS fram [&hellip;]<\/p>\n","protected":false},"author":78,"featured_media":872,"parent":0,"menu_order":0,"comment_status":"closed","ping_status":"closed","template":"","meta":{"_kad_blocks_custom_css":"","_kad_blocks_head_custom_js":"","_kad_blocks_body_custom_js":"","_kad_blocks_footer_custom_js":"","_EventAllDay":false,"_EventTimezone":"","_EventStartDate":"","_EventEndDate":"","_EventStartDateUTC":"","_EventEndDateUTC":"","_EventShowMap":false,"_EventShowMapLink":false,"_EventURL":"","_EventCost":"","_EventCostDescription":"","_EventCurrencySymbol":"","_EventCurrencyCode":"","_EventCurrencyPosition":"","_EventDateTimeSeparator":"","_EventTimeRangeSeparator":"","_EventOrganizerID":[],"_EventVenueID":[],"_OrganizerEmail":"","_OrganizerPhone":"","_OrganizerWebsite":"","_VenueAddress":"","_VenueCity":"","_VenueCountry":"","_VenueProvince":"","_VenueState":"","_VenueZip":"","_VenuePhone":"","_VenueURL":"","_VenueStateProvince":"","_VenueLat":"","_VenueLng":"","_VenueShowMap":false,"_VenueShowMapLink":false,"_vp_format_video_url":"","_vp_image_focal_point":[],"_vp_custom_popup_image":0,"_vp_format_audio_url":"","_vp_album_images":[],"_vp_custom_thumbnail":0,"_vp_custom_thumbnail_focal_point":[],"_vp_custom_thumbnail_cover":0,"_vp_hover_thumbnail":0,"_vp_hover_thumbnail_focal_point":[],"footnotes":""},"class_list":["post-863","page","type-page","status-publish","has-post-thumbnail","hentry"],"blocksy_meta":{"page_structure_type":"type-4","styles_descriptor":{"styles":{"desktop":"","tablet":"","mobile":""},"google_fonts":[],"version":6}},"taxonomy_info":[],"featured_image_src_large":["https:\/\/aik.se\/friidrott\/wp-content\/uploads\/sites\/11\/2023\/12\/aik-friidrott-svenska-mastare-1900.jpg",250,278,false],"author_info":{"display_name":"tommy","author_link":"https:\/\/aik.se\/friidrott\/author\/tommy\/"},"comment_info":0,"_links":{"self":[{"href":"https:\/\/aik.se\/friidrott\/wp-json\/wp\/v2\/pages\/863","targetHints":{"allow":["GET"]}}],"collection":[{"href":"https:\/\/aik.se\/friidrott\/wp-json\/wp\/v2\/pages"}],"about":[{"href":"https:\/\/aik.se\/friidrott\/wp-json\/wp\/v2\/types\/page"}],"author":[{"embeddable":true,"href":"https:\/\/aik.se\/friidrott\/wp-json\/wp\/v2\/users\/78"}],"replies":[{"embeddable":true,"href":"https:\/\/aik.se\/friidrott\/wp-json\/wp\/v2\/comments?post=863"}],"version-history":[{"count":19,"href":"https:\/\/aik.se\/friidrott\/wp-json\/wp\/v2\/pages\/863\/revisions"}],"predecessor-version":[{"id":937,"href":"https:\/\/aik.se\/friidrott\/wp-json\/wp\/v2\/pages\/863\/revisions\/937"}],"wp:featuredmedia":[{"embeddable":true,"href":"https:\/\/aik.se\/friidrott\/wp-json\/wp\/v2\/media\/872"}],"wp:attachment":[{"href":"https:\/\/aik.se\/friidrott\/wp-json\/wp\/v2\/media?parent=863"}],"curies":[{"name":"wp","href":"https:\/\/api.w.org\/{rel}","templated":true}]}}