{"id":1005,"date":"2023-10-22T17:44:52","date_gmt":"2023-10-22T15:44:52","guid":{"rendered":"https:\/\/aik.se\/golf\/?page_id=1005"},"modified":"2026-04-20T21:07:18","modified_gmt":"2026-04-20T19:07:18","slug":"alliansgolfen","status":"publish","type":"page","link":"https:\/\/aik.se\/golf\/alliansgolfen\/","title":{"rendered":"Alliansgolfen"},"content":{"rendered":"<style>.kb-row-layout-id1005_09de27-6b > .kt-row-column-wrap{align-content:center;}:where(.kb-row-layout-id1005_09de27-6b > .kt-row-column-wrap) > .wp-block-kadence-column{justify-content:center;}.kb-row-layout-id1005_09de27-6b > .kt-row-column-wrap{column-gap:var(--global-kb-gap-lg, 4rem);row-gap:var(--global-kb-gap-md, 2rem);max-width:1290px;padding-top:var(--global-kb-spacing-4xl, 8rem);padding-bottom:var(--global-kb-spacing-4xl, 8rem);grid-template-columns:minmax(0, calc(55% - ((var(--global-kb-gap-lg, 4rem) * 1 )\/2)))minmax(0, calc(45% - ((var(--global-kb-gap-lg, 4rem) * 1 )\/2)));}.kb-row-layout-id1005_09de27-6b{background-color:var(--global-palette8, #F7FAFC);}.kb-row-layout-id1005_09de27-6b > .kt-row-layout-overlay{opacity:0.20;background-color:#af9664;}.kb-row-layout-id1005_09de27-6b .kt-row-layout-bottom-sep{height:100px;}.kb-row-layout-id1005_09de27-6b .kt-row-layout-bottom-sep svg{width:100%;}.kb-row-layout-id1005_09de27-6b .kt-row-layout-bottom-sep svg{fill:var(--global-palette9, #ffffff)!important;}@media all and (max-width: 1024px){.kb-row-layout-id1005_09de27-6b > .kt-row-column-wrap{grid-template-columns:minmax(0, 2fr) minmax(0, 1fr);}}@media all and (max-width: 1024px){.kb-row-layout-id1005_09de27-6b .kt-row-layout-bottom-sep{height:80px;}}@media all and (max-width: 1024px){.kb-row-layout-id1005_09de27-6b .kt-row-layout-bottom-sep svg{width:%;}}@media all and (max-width: 767px){.kb-row-layout-id1005_09de27-6b > .kt-row-column-wrap{padding-top:var(--global-kb-spacing-3xl, 6.5rem);padding-bottom:var(--global-kb-spacing-3xl, 6.5rem);grid-template-columns:minmax(0, 1fr);}.kb-row-layout-id1005_09de27-6b .kt-row-layout-bottom-sep{height:60px;}.kb-row-layout-id1005_09de27-6b .kt-row-layout-bottom-sep svg{width:%;}}<\/style><div class=\"kb-row-layout-wrap kb-row-layout-id1005_09de27-6b alignfull has-theme-palette8-background-color kt-row-has-bg wp-block-kadence-rowlayout\"><div class=\"kt-row-layout-overlay kt-row-overlay-normal\"><\/div><div class=\"kt-row-layout-bottom-sep kt-row-sep-type-crvi\"><svg viewBox=\"0 0 1000 100\" preserveAspectRatio=\"none\"><path d=\"M1000,0c0,0 -270.987,98 -500,98c-229.013,0 -500,-98 -500,-98l0,100l1000,0l0,-100Z\" \/><\/svg><\/div><div class=\"kt-row-column-wrap kt-has-2-columns kt-row-layout-equal kt-tab-layout-left-golden kt-mobile-layout-row kt-row-valign-middle kb-theme-content-width\">\n<style>.kadence-column1005_9d1453-65 > .kt-inside-inner-col,.kadence-column1005_9d1453-65 > .kt-inside-inner-col:before{border-top-left-radius:0px;border-top-right-radius:0px;border-bottom-right-radius:0px;border-bottom-left-radius:0px;}.kadence-column1005_9d1453-65 > .kt-inside-inner-col{column-gap:var(--global-kb-gap-sm, 1rem);}.kadence-column1005_9d1453-65 > .kt-inside-inner-col{flex-direction:column;}.kadence-column1005_9d1453-65 > .kt-inside-inner-col > .aligncenter{width:100%;}.kadence-column1005_9d1453-65 > .kt-inside-inner-col:before{opacity:0.3;}.kadence-column1005_9d1453-65{position:relative;}@media all and (max-width: 1024px){.kadence-column1005_9d1453-65 > .kt-inside-inner-col{flex-direction:column;justify-content:center;}}@media all and (max-width: 767px){.kadence-column1005_9d1453-65 > .kt-inside-inner-col{flex-direction:column;justify-content:center;}}<\/style>\n<div class=\"wp-block-kadence-column kadence-column1005_9d1453-65 inner-column-1\"><div class=\"kt-inside-inner-col\"><style>.wp-block-kadence-advancedheading.kt-adv-heading1005_a99679-9a, .wp-block-kadence-advancedheading.kt-adv-heading1005_a99679-9a[data-kb-block=\"kb-adv-heading1005_a99679-9a\"]{margin-top:0px;margin-bottom:var(--global-kb-spacing-sm, 1.5rem);font-size:90px;line-height:1;font-style:normal;color:var(--global-palette3, #1A202C);}.wp-block-kadence-advancedheading.kt-adv-heading1005_a99679-9a mark.kt-highlight, .wp-block-kadence-advancedheading.kt-adv-heading1005_a99679-9a[data-kb-block=\"kb-adv-heading1005_a99679-9a\"] mark.kt-highlight{font-style:normal;color:#f76a0c;-webkit-box-decoration-break:clone;box-decoration-break:clone;padding-top:0px;padding-right:0px;padding-bottom:0px;padding-left:0px;}.wp-block-kadence-advancedheading.kt-adv-heading1005_a99679-9a img.kb-inline-image, .wp-block-kadence-advancedheading.kt-adv-heading1005_a99679-9a[data-kb-block=\"kb-adv-heading1005_a99679-9a\"] img.kb-inline-image{width:150px;vertical-align:baseline;}@media all and (max-width: 1024px){.wp-block-kadence-advancedheading.kt-adv-heading1005_a99679-9a, .wp-block-kadence-advancedheading.kt-adv-heading1005_a99679-9a[data-kb-block=\"kb-adv-heading1005_a99679-9a\"]{font-size:80px;}}@media all and (max-width: 767px){.wp-block-kadence-advancedheading.kt-adv-heading1005_a99679-9a, .wp-block-kadence-advancedheading.kt-adv-heading1005_a99679-9a[data-kb-block=\"kb-adv-heading1005_a99679-9a\"]{font-size:40px;line-height:1.2;}}<\/style>\n<h2 class=\"kt-adv-heading1005_a99679-9a wp-block-kadence-advancedheading has-theme-palette-3-color has-text-color\" data-kb-block=\"kb-adv-heading1005_a99679-9a\">Alliansgolfen<\/h2>\n\n\n<style>.wp-block-kadence-advancedheading.kt-adv-heading1005_bdbd29-07, .wp-block-kadence-advancedheading.kt-adv-heading1005_bdbd29-07[data-kb-block=\"kb-adv-heading1005_bdbd29-07\"]{max-width:550px;margin-bottom:var(--global-kb-spacing-sm, 1.5rem);font-style:normal;}.wp-block-kadence-advancedheading.kt-adv-heading1005_bdbd29-07 mark.kt-highlight, .wp-block-kadence-advancedheading.kt-adv-heading1005_bdbd29-07[data-kb-block=\"kb-adv-heading1005_bdbd29-07\"] mark.kt-highlight{font-style:normal;color:#f76a0c;-webkit-box-decoration-break:clone;box-decoration-break:clone;padding-top:0px;padding-right:0px;padding-bottom:0px;padding-left:0px;}.wp-block-kadence-advancedheading.kt-adv-heading1005_bdbd29-07 img.kb-inline-image, .wp-block-kadence-advancedheading.kt-adv-heading1005_bdbd29-07[data-kb-block=\"kb-adv-heading1005_bdbd29-07\"] img.kb-inline-image{width:150px;vertical-align:baseline;}<\/style>\n<p class=\"kt-adv-heading1005_bdbd29-07 wp-block-kadence-advancedheading\" data-kb-block=\"kb-adv-heading1005_bdbd29-07\">Anrik t\u00e4vling som startades av Tumba. 15 AIK:are spelar mot lika m\u00e5nga fr\u00e5n vardera&nbsp;Hammarby, Djurg\u00e5rden och S\u00f6dert\u00e4lje. <\/p>\n\n\n<style>.wp-block-kadence-advancedheading.kt-adv-heading1005_b6d530-55, .wp-block-kadence-advancedheading.kt-adv-heading1005_b6d530-55[data-kb-block=\"kb-adv-heading1005_b6d530-55\"]{max-width:550px;margin-bottom:var(--global-kb-spacing-sm, 1.5rem);font-style:normal;}.wp-block-kadence-advancedheading.kt-adv-heading1005_b6d530-55 mark.kt-highlight, .wp-block-kadence-advancedheading.kt-adv-heading1005_b6d530-55[data-kb-block=\"kb-adv-heading1005_b6d530-55\"] mark.kt-highlight{font-style:normal;color:#f76a0c;-webkit-box-decoration-break:clone;box-decoration-break:clone;padding-top:0px;padding-right:0px;padding-bottom:0px;padding-left:0px;}.wp-block-kadence-advancedheading.kt-adv-heading1005_b6d530-55 img.kb-inline-image, .wp-block-kadence-advancedheading.kt-adv-heading1005_b6d530-55[data-kb-block=\"kb-adv-heading1005_b6d530-55\"] img.kb-inline-image{width:150px;vertical-align:baseline;}<\/style>\n<p class=\"kt-adv-heading1005_b6d530-55 wp-block-kadence-advancedheading\" data-kb-block=\"kb-adv-heading1005_b6d530-55\">T\u00e4vlingen \u00e4r en lagt\u00e4vling d\u00e4r 10 av 15 scorer r\u00e4knas per lag och vinnande lag f\u00e5r ha den legendariska bucklan i ett \u00e5r. Det \u00e4r \u00e4ven en individuell t\u00e4vling med 10 priser.&nbsp;<\/p>\n\n\n<style>.wp-block-kadence-advancedheading.kt-adv-heading1005_b2a320-5e, .wp-block-kadence-advancedheading.kt-adv-heading1005_b2a320-5e[data-kb-block=\"kb-adv-heading1005_b2a320-5e\"]{max-width:550px;margin-bottom:var(--global-kb-spacing-sm, 1.5rem);font-style:normal;}.wp-block-kadence-advancedheading.kt-adv-heading1005_b2a320-5e mark.kt-highlight, .wp-block-kadence-advancedheading.kt-adv-heading1005_b2a320-5e[data-kb-block=\"kb-adv-heading1005_b2a320-5e\"] mark.kt-highlight{font-style:normal;color:#f76a0c;-webkit-box-decoration-break:clone;box-decoration-break:clone;padding-top:0px;padding-right:0px;padding-bottom:0px;padding-left:0px;}.wp-block-kadence-advancedheading.kt-adv-heading1005_b2a320-5e img.kb-inline-image, .wp-block-kadence-advancedheading.kt-adv-heading1005_b2a320-5e[data-kb-block=\"kb-adv-heading1005_b2a320-5e\"] img.kb-inline-image{width:150px;vertical-align:baseline;}<\/style>\n<p class=\"kt-adv-heading1005_b2a320-5e wp-block-kadence-advancedheading\" data-kb-block=\"kb-adv-heading1005_b2a320-5e\">L\u00e4s mer om \u00e5rets Alliansgolf i t\u00e4vlingskalendern.<\/p>\n\n\n<style>.wp-block-kadence-advancedbtn.kb-btns1005_453a4c-1c{gap:var(--global-kb-gap-xs, 0.5rem );justify-content:flex-start;align-items:center;}.kt-btns1005_453a4c-1c .kt-button{font-weight:normal;font-style:normal;}.kt-btns1005_453a4c-1c .kt-btn-wrap-0{margin-right:5px;}.wp-block-kadence-advancedbtn.kt-btns1005_453a4c-1c .kt-btn-wrap-0 .kt-button{color:#555555;border-color:#555555;}.wp-block-kadence-advancedbtn.kt-btns1005_453a4c-1c .kt-btn-wrap-0 .kt-button:hover, .wp-block-kadence-advancedbtn.kt-btns1005_453a4c-1c .kt-btn-wrap-0 .kt-button:focus{color:#ffffff;border-color:#444444;}.wp-block-kadence-advancedbtn.kt-btns1005_453a4c-1c .kt-btn-wrap-0 .kt-button::before{display:none;}.wp-block-kadence-advancedbtn.kt-btns1005_453a4c-1c .kt-btn-wrap-0 .kt-button:hover, .wp-block-kadence-advancedbtn.kt-btns1005_453a4c-1c .kt-btn-wrap-0 .kt-button:focus{background:#444444;}<\/style>\n<div class=\"wp-block-kadence-advancedbtn kb-buttons-wrap kb-btns1005_453a4c-1c\"><style>ul.menu .wp-block-kadence-advancedbtn .kb-btn1005_535943-8f.kb-button{width:initial;}<\/style><a class=\"kb-button kt-button button kb-btn1005_535943-8f kt-btn-size-standard kt-btn-width-type-auto kb-btn-global-inherit  kt-btn-has-text-true kt-btn-has-svg-false  wp-block-button__link wp-block-kadence-singlebtn\" href=\"https:\/\/aik.se\/golf\/events\/\"><span class=\"kt-btn-inner-text\">T\u00e4vlingskalender<\/span><\/a><\/div>\n<\/div><\/div>\n\n\n<style>.kadence-column1005_a50aca-e0 > .kt-inside-inner-col,.kadence-column1005_a50aca-e0 > .kt-inside-inner-col:before{border-top-left-radius:0px;border-top-right-radius:0px;border-bottom-right-radius:0px;border-bottom-left-radius:0px;}.kadence-column1005_a50aca-e0 > .kt-inside-inner-col{column-gap:var(--global-kb-gap-sm, 1rem);}.kadence-column1005_a50aca-e0 > .kt-inside-inner-col{flex-direction:column;}.kadence-column1005_a50aca-e0 > .kt-inside-inner-col > .aligncenter{width:100%;}.kadence-column1005_a50aca-e0 > .kt-inside-inner-col:before{opacity:0.3;}.kadence-column1005_a50aca-e0{position:relative;}.kadence-column1005_a50aca-e0, .kt-inside-inner-col > .kadence-column1005_a50aca-e0:not(.specificity){margin-bottom:-30px;}@media all and (max-width: 1024px){.kadence-column1005_a50aca-e0 > .kt-inside-inner-col{flex-direction:column;justify-content:center;}}@media all and (max-width: 767px){.kadence-column1005_a50aca-e0 > .kt-inside-inner-col{flex-direction:column;justify-content:center;}.kadence-column1005_a50aca-e0, .kt-inside-inner-col > .kadence-column1005_a50aca-e0:not(.specificity){margin-bottom:0px;}}<\/style>\n<div class=\"wp-block-kadence-column kadence-column1005_a50aca-e0\"><div class=\"kt-inside-inner-col\"><style>.wp-block-kadence-image.kb-image1005_c60f1d-a8:not(.kb-specificity-added):not(.kb-extra-specificity-added){margin-bottom:0px;margin-left:0px;}.kb-image1005_c60f1d-a8.kb-image-is-ratio-size, .kb-image1005_c60f1d-a8 .kb-image-is-ratio-size{max-width:465px;width:100%;}.wp-block-kadence-column > .kt-inside-inner-col > .kb-image1005_c60f1d-a8.kb-image-is-ratio-size, .wp-block-kadence-column > .kt-inside-inner-col > .kb-image1005_c60f1d-a8 .kb-image-is-ratio-size{align-self:unset;}.kb-image1005_c60f1d-a8{max-width:465px;}.image-is-svg.kb-image1005_c60f1d-a8{-webkit-flex:0 1 100%;flex:0 1 100%;}.image-is-svg.kb-image1005_c60f1d-a8 img{width:100%;}.kb-image1005_c60f1d-a8 .kb-image-has-overlay:after{opacity:0.3;border-top-left-radius:60px;border-top-right-radius:60px;border-bottom-right-radius:60px;border-bottom-left-radius:0px;}.kb-image1005_c60f1d-a8 img.kb-img, .kb-image1005_c60f1d-a8 .kb-img img{border-top-left-radius:60px;border-top-right-radius:60px;border-bottom-right-radius:60px;border-bottom-left-radius:0px;}@media all and (max-width: 1024px){.wp-block-kadence-image.kb-image1005_c60f1d-a8:not(.kb-specificity-added):not(.kb-extra-specificity-added){margin-left:0px;}}@media all and (max-width: 767px){.wp-block-kadence-image.kb-image1005_c60f1d-a8:not(.kb-specificity-added):not(.kb-extra-specificity-added){margin-left:0px;}.kb-image1005_c60f1d-a8.kb-image-is-ratio-size, .kb-image1005_c60f1d-a8 .kb-image-is-ratio-size{max-width:800px;width:100%;}.kb-image1005_c60f1d-a8{max-width:800px;}}<\/style>\n<figure class=\"wp-block-kadence-image kb-image1005_c60f1d-a8 kb-image-is-ratio-size\"><div class=\"kb-is-ratio-image kb-image-ratio-land43\"><img loading=\"lazy\" decoding=\"async\" width=\"2048\" height=\"1536\" src=\"https:\/\/aik.se\/golf\/wp-content\/uploads\/sites\/13\/2025\/09\/Alliansgolfen-2025-1-scaled.jpeg\" alt=\"\" class=\"kb-img wp-image-2391\" srcset=\"https:\/\/aik.se\/golf\/wp-content\/uploads\/sites\/13\/2025\/09\/Alliansgolfen-2025-1-scaled.jpeg 2048w, https:\/\/aik.se\/golf\/wp-content\/uploads\/sites\/13\/2025\/09\/Alliansgolfen-2025-1-300x225.jpeg 300w, https:\/\/aik.se\/golf\/wp-content\/uploads\/sites\/13\/2025\/09\/Alliansgolfen-2025-1-1024x768.jpeg 1024w, https:\/\/aik.se\/golf\/wp-content\/uploads\/sites\/13\/2025\/09\/Alliansgolfen-2025-1-768x576.jpeg 768w, https:\/\/aik.se\/golf\/wp-content\/uploads\/sites\/13\/2025\/09\/Alliansgolfen-2025-1-1536x1152.jpeg 1536w, https:\/\/aik.se\/golf\/wp-content\/uploads\/sites\/13\/2025\/09\/Alliansgolfen-2025-1-500x375.jpeg 500w, https:\/\/aik.se\/golf\/wp-content\/uploads\/sites\/13\/2025\/09\/Alliansgolfen-2025-1-800x600.jpeg 800w, https:\/\/aik.se\/golf\/wp-content\/uploads\/sites\/13\/2025\/09\/Alliansgolfen-2025-1-1280x960.jpeg 1280w, https:\/\/aik.se\/golf\/wp-content\/uploads\/sites\/13\/2025\/09\/Alliansgolfen-2025-1-1920x1440.jpeg 1920w\" sizes=\"auto, (max-width: 2048px) 100vw, 2048px\" \/><\/div><\/figure>\n\n\n<style>.kadence-column1005_5f7fb0-b5 > .kt-inside-inner-col{padding-top:var(--global-kb-spacing-md, 2rem);padding-right:var(--global-kb-spacing-md, 2rem);padding-bottom:var(--global-kb-spacing-md, 2rem);padding-left:var(--global-kb-spacing-md, 2rem);}.kadence-column1005_5f7fb0-b5 > .kt-inside-inner-col,.kadence-column1005_5f7fb0-b5 > .kt-inside-inner-col:before{border-top-left-radius:0px;border-top-right-radius:60px;border-bottom-right-radius:60px;border-bottom-left-radius:60px;}.kadence-column1005_5f7fb0-b5 > .kt-inside-inner-col{column-gap:var(--global-kb-gap-sm, 1rem);}.kadence-column1005_5f7fb0-b5 > .kt-inside-inner-col{flex-direction:column;}.kadence-column1005_5f7fb0-b5 > .kt-inside-inner-col > .aligncenter{width:100%;}.kadence-column1005_5f7fb0-b5 > .kt-inside-inner-col{background-color:var(--global-palette9, #ffffff);}.kadence-column1005_5f7fb0-b5 > .kt-inside-inner-col:before{opacity:0.3;}.kadence-column1005_5f7fb0-b5{z-index:5;position:relative;}.kadence-column1005_5f7fb0-b5, .kt-inside-inner-col > .kadence-column1005_5f7fb0-b5:not(.specificity){margin-top:-40px;margin-right:0px;margin-left:60px;}@media all and (max-width: 1024px){.kadence-column1005_5f7fb0-b5 > .kt-inside-inner-col{padding-top:var(--global-kb-spacing-sm, 1.5rem);padding-right:var(--global-kb-spacing-sm, 1.5rem);padding-bottom:var(--global-kb-spacing-sm, 1.5rem);padding-left:var(--global-kb-spacing-sm, 1.5rem);flex-direction:column;justify-content:center;}}@media all and (max-width: 1024px){.kadence-column1005_5f7fb0-b5, .kt-inside-inner-col > .kadence-column1005_5f7fb0-b5:not(.specificity){margin-top:var(--global-kb-spacing-xs, 1rem);margin-left:0px;}}@media all and (max-width: 767px){.kadence-column1005_5f7fb0-b5 > .kt-inside-inner-col{flex-direction:column;justify-content:center;}.kadence-column1005_5f7fb0-b5, .kt-inside-inner-col > .kadence-column1005_5f7fb0-b5:not(.specificity){margin-top:var(--global-kb-spacing-xs, 1rem);}}<\/style>\n<div class=\"wp-block-kadence-column kadence-column1005_5f7fb0-b5 inner-column-1\"><div class=\"kt-inside-inner-col\"><style>.wp-block-kadence-advancedheading.kt-adv-heading1005_1609e7-2d, .wp-block-kadence-advancedheading.kt-adv-heading1005_1609e7-2d[data-kb-block=\"kb-adv-heading1005_1609e7-2d\"]{font-size:var(--global-kb-font-size-md, 1.25rem);font-style:normal;color:var(--global-palette3, #1A202C);}.wp-block-kadence-advancedheading.kt-adv-heading1005_1609e7-2d mark.kt-highlight, .wp-block-kadence-advancedheading.kt-adv-heading1005_1609e7-2d[data-kb-block=\"kb-adv-heading1005_1609e7-2d\"] mark.kt-highlight{font-style:normal;color:#f76a0c;-webkit-box-decoration-break:clone;box-decoration-break:clone;padding-top:0px;padding-right:0px;padding-bottom:0px;padding-left:0px;}.wp-block-kadence-advancedheading.kt-adv-heading1005_1609e7-2d img.kb-inline-image, .wp-block-kadence-advancedheading.kt-adv-heading1005_1609e7-2d[data-kb-block=\"kb-adv-heading1005_1609e7-2d\"] img.kb-inline-image{width:150px;vertical-align:baseline;}<\/style>\n<h3 class=\"kt-adv-heading1005_1609e7-2d wp-block-kadence-advancedheading has-theme-palette-3-color has-text-color\" data-kb-block=\"kb-adv-heading1005_1609e7-2d\">Alliansgolfen 2026<\/h3>\n\n\n\n<p>I \u00e5r spelades den 49:e upplagan av Alliansgolfen den 11 september p\u00e5 Arlandastads GK.<\/p>\n\n\n\n<p>AIK vann 2025 \u00e5rs t\u00e4vling i \u00f6verl\u00e4gsen stil p\u00e5 Arlandastads Mastersbana. 19 slag blev marginalen ner till Bajen. SSK och DIF var \u00f6ver 30 slag bakom.<\/p>\n<\/div><\/div>\n<\/div><\/div>\n\n<\/div><\/div>\n\n\n<p><\/p>\n","protected":false},"excerpt":{"rendered":"<p>Alliansgolfen Anrik t\u00e4vling som startades av Tumba. 15 AIK:are spelar mot lika m\u00e5nga fr\u00e5n vardera&nbsp;Hammarby, Djurg\u00e5rden och S\u00f6dert\u00e4lje. T\u00e4vlingen \u00e4r en lagt\u00e4vling d\u00e4r 10 av 15 scorer r\u00e4knas per lag [&hellip;]<\/p>\n","protected":false},"author":81,"featured_media":0,"parent":0,"menu_order":0,"comment_status":"closed","ping_status":"closed","template":"","meta":{"_kad_blocks_custom_css":"","_kad_blocks_head_custom_js":"","_kad_blocks_body_custom_js":"","_kad_blocks_footer_custom_js":"","_EventAllDay":false,"_EventTimezone":"","_EventStartDate":"","_EventEndDate":"","_EventStartDateUTC":"","_EventEndDateUTC":"","_EventShowMap":false,"_EventShowMapLink":false,"_EventURL":"","_EventCost":"","_EventCostDescription":"","_EventCurrencySymbol":"","_EventCurrencyCode":"","_EventCurrencyPosition":"","_EventDateTimeSeparator":"","_EventTimeRangeSeparator":"","_EventOrganizerID":[],"_EventVenueID":[],"_OrganizerEmail":"","_OrganizerPhone":"","_OrganizerWebsite":"","_VenueAddress":"","_VenueCity":"","_VenueCountry":"","_VenueProvince":"","_VenueState":"","_VenueZip":"","_VenuePhone":"","_VenueURL":"","_VenueStateProvince":"","_VenueLat":"","_VenueLng":"","_VenueShowMap":false,"_VenueShowMapLink":false,"_vp_format_video_url":"","_vp_image_focal_point":[],"_vp_custom_popup_image":0,"_vp_format_audio_url":"","_vp_album_images":[],"_vp_custom_thumbnail":0,"_vp_custom_thumbnail_focal_point":[],"_vp_custom_thumbnail_cover":0,"_vp_hover_thumbnail":0,"_vp_hover_thumbnail_focal_point":[],"footnotes":""},"class_list":["post-1005","page","type-page","status-publish","hentry"],"blocksy_meta":[],"taxonomy_info":[],"featured_image_src_large":false,"author_info":{"display_name":"natalie","author_link":"https:\/\/aik.se\/golf\/author\/natalie\/"},"comment_info":0,"_links":{"self":[{"href":"https:\/\/aik.se\/golf\/wp-json\/wp\/v2\/pages\/1005","targetHints":{"allow":["GET"]}}],"collection":[{"href":"https:\/\/aik.se\/golf\/wp-json\/wp\/v2\/pages"}],"about":[{"href":"https:\/\/aik.se\/golf\/wp-json\/wp\/v2\/types\/page"}],"author":[{"embeddable":true,"href":"https:\/\/aik.se\/golf\/wp-json\/wp\/v2\/users\/81"}],"replies":[{"embeddable":true,"href":"https:\/\/aik.se\/golf\/wp-json\/wp\/v2\/comments?post=1005"}],"version-history":[{"count":13,"href":"https:\/\/aik.se\/golf\/wp-json\/wp\/v2\/pages\/1005\/revisions"}],"predecessor-version":[{"id":2495,"href":"https:\/\/aik.se\/golf\/wp-json\/wp\/v2\/pages\/1005\/revisions\/2495"}],"wp:attachment":[{"href":"https:\/\/aik.se\/golf\/wp-json\/wp\/v2\/media?parent=1005"}],"curies":[{"name":"wp","href":"https:\/\/api.w.org\/{rel}","templated":true}]}}