{"id":856,"date":"2023-09-28T14:09:18","date_gmt":"2023-09-28T12:09:18","guid":{"rendered":"https:\/\/aik.se\/kamratklubben\/?page_id=856"},"modified":"2025-05-18T18:14:33","modified_gmt":"2025-05-18T16:14:33","slug":"hem-2","status":"publish","type":"page","link":"https:\/\/aik.se\/kamratklubben\/","title":{"rendered":"Hem"},"content":{"rendered":"<style>.wp-block-kadence-advancedheading.kt-adv-heading856_155c5e-d9, .wp-block-kadence-advancedheading.kt-adv-heading856_155c5e-d9[data-kb-block=\"kb-adv-heading856_155c5e-d9\"]{font-style:normal;}.wp-block-kadence-advancedheading.kt-adv-heading856_155c5e-d9 mark.kt-highlight, .wp-block-kadence-advancedheading.kt-adv-heading856_155c5e-d9[data-kb-block=\"kb-adv-heading856_155c5e-d9\"] mark.kt-highlight{font-style:normal;color:#f76a0c;-webkit-box-decoration-break:clone;box-decoration-break:clone;padding-top:0px;padding-right:0px;padding-bottom:0px;padding-left:0px;}.wp-block-kadence-advancedheading.kt-adv-heading856_155c5e-d9 img.kb-inline-image, .wp-block-kadence-advancedheading.kt-adv-heading856_155c5e-d9[data-kb-block=\"kb-adv-heading856_155c5e-d9\"] img.kb-inline-image{width:150px;vertical-align:baseline;}@media all and (max-width: 767px){.wp-block-kadence-advancedheading.kt-adv-heading856_155c5e-d9, .wp-block-kadence-advancedheading.kt-adv-heading856_155c5e-d9[data-kb-block=\"kb-adv-heading856_155c5e-d9\"]{font-size:var(--global-kb-font-size-lg, 2rem);}}<\/style>\n<h2 class=\"kt-adv-heading856_155c5e-d9 wp-block-kadence-advancedheading\" data-kb-block=\"kb-adv-heading856_155c5e-d9\">Kamratklubben Gamla AIKare<\/h2>\n\n\n<style>.kb-image856_c5a4cf-5e.kb-image-is-ratio-size, .kb-image856_c5a4cf-5e .kb-image-is-ratio-size{max-width:317px;width:100%;}.wp-block-kadence-column > .kt-inside-inner-col > .kb-image856_c5a4cf-5e.kb-image-is-ratio-size, .wp-block-kadence-column > .kt-inside-inner-col > .kb-image856_c5a4cf-5e .kb-image-is-ratio-size{align-self:unset;}.kb-image856_c5a4cf-5e figure{max-width:317px;}.kb-image856_c5a4cf-5e .image-is-svg, .kb-image856_c5a4cf-5e .image-is-svg img{width:100%;}.kb-image856_c5a4cf-5e .kb-image-has-overlay:after{opacity:0.3;}<\/style>\n<div class=\"wp-block-kadence-image kb-image856_c5a4cf-5e\"><figure class=\"alignright size-full\"><img loading=\"lazy\" decoding=\"async\" width=\"800\" height=\"800\" src=\"https:\/\/aik.se\/kamratklubben\/wp-content\/uploads\/sites\/12\/2023\/10\/kamratklubben.png\" alt=\"\" class=\"kb-img wp-image-909\" srcset=\"https:\/\/aik.se\/kamratklubben\/wp-content\/uploads\/sites\/12\/2023\/10\/kamratklubben.png 800w, https:\/\/aik.se\/kamratklubben\/wp-content\/uploads\/sites\/12\/2023\/10\/kamratklubben-300x300.png 300w, https:\/\/aik.se\/kamratklubben\/wp-content\/uploads\/sites\/12\/2023\/10\/kamratklubben-150x150.png 150w, https:\/\/aik.se\/kamratklubben\/wp-content\/uploads\/sites\/12\/2023\/10\/kamratklubben-768x768.png 768w, https:\/\/aik.se\/kamratklubben\/wp-content\/uploads\/sites\/12\/2023\/10\/kamratklubben-500x500.png 500w\" sizes=\"auto, (max-width: 800px) 100vw, 800px\" \/><\/figure><\/div>\n\n\n\n<h3 class=\"wp-block-heading\">V\u00e4lkomna!<\/h3>\n\n\n\n<p>Vi samlas vid ett tiotal tr\u00e4ffar om \u00e5ret d\u00e4r vi umg\u00e5s och har trevligt tillsammans \u00f6ver en matbit. Vid dessa tr\u00e4ffar bjuder vi in olika f\u00f6rel\u00e4sare av olika slag. Det kan vara representanter fr\u00e5n olika idrotter och \u00e4ven f\u00f6rel\u00e4sare som ber\u00e4ttar om aktuella och intressanta \u00e4mnen. Andra aktiviteter anordnas \u00e4ven under \u00e5ret.<\/p>\n\n\n\n<p>Syftet med kamratklubben \u00e4r att vi vill vara en sammanh\u00e5llande l\u00e4nk mellan AIK:are som bevisat sitt intresse f\u00f6r AIK genom att aktivt ha ut\u00f6vat idrott, deltagit i organisationsarbetet eller annars visat upp ett l\u00e5ngvarigt och rekommenderat medlemskap.<\/p>\n\n\n\n<p>Vi vill medverka till att AIK-medlemmar beh\u00e5ller kontakten med AIK och sina kamrater.<\/p>\n\n\n\n<p>Med andra ord se till att medlemmar beh\u00e5ller sitt intresse f\u00f6r AIK och utg\u00f6ra en m\u00f6tesplats f\u00f6r alla med svartgula hj\u00e4rtan och \u00e4ven verka f\u00f6r att st\u00f6dja AIK.<\/p>\n\n\n\n<p><\/p>\n","protected":false},"excerpt":{"rendered":"<p>Kamratklubben Gamla AIKare V\u00e4lkomna! Vi samlas vid ett tiotal tr\u00e4ffar om \u00e5ret d\u00e4r vi umg\u00e5s och har trevligt tillsammans \u00f6ver en matbit. Vid dessa tr\u00e4ffar bjuder vi in olika f\u00f6rel\u00e4sare [&hellip;]<\/p>\n","protected":false},"author":24,"featured_media":0,"parent":0,"menu_order":0,"comment_status":"closed","ping_status":"closed","template":"","meta":{"_kad_blocks_custom_css":"","_kad_blocks_head_custom_js":"","_kad_blocks_body_custom_js":"","_kad_blocks_footer_custom_js":"","_EventAllDay":false,"_EventTimezone":"","_EventStartDate":"","_EventEndDate":"","_EventStartDateUTC":"","_EventEndDateUTC":"","_EventShowMap":false,"_EventShowMapLink":false,"_EventURL":"","_EventCost":"","_EventCostDescription":"","_EventCurrencySymbol":"","_EventCurrencyCode":"","_EventCurrencyPosition":"","_EventDateTimeSeparator":"","_EventTimeRangeSeparator":"","_EventOrganizerID":[],"_EventVenueID":[],"_OrganizerEmail":"","_OrganizerPhone":"","_OrganizerWebsite":"","_VenueAddress":"","_VenueCity":"","_VenueCountry":"","_VenueProvince":"","_VenueState":"","_VenueZip":"","_VenuePhone":"","_VenueURL":"","_VenueStateProvince":"","_VenueLat":"","_VenueLng":"","_VenueShowMap":false,"_VenueShowMapLink":false,"_vp_format_video_url":"","_vp_image_focal_point":[],"_vp_custom_popup_image":0,"_vp_format_audio_url":"","_vp_album_images":[],"_vp_custom_thumbnail":0,"_vp_custom_thumbnail_focal_point":[],"_vp_custom_thumbnail_cover":0,"_vp_hover_thumbnail":0,"_vp_hover_thumbnail_focal_point":[],"footnotes":""},"class_list":["post-856","page","type-page","status-publish","hentry"],"blocksy_meta":{"has_hero_section":"disabled","vertical_spacing_source":"inherit","content_area_spacing":"bottom"},"taxonomy_info":[],"featured_image_src_large":false,"author_info":{"display_name":"Realisatorerna","author_link":"https:\/\/aik.se\/kamratklubben\/author\/realisatorerna\/"},"comment_info":0,"_links":{"self":[{"href":"https:\/\/aik.se\/kamratklubben\/wp-json\/wp\/v2\/pages\/856","targetHints":{"allow":["GET"]}}],"collection":[{"href":"https:\/\/aik.se\/kamratklubben\/wp-json\/wp\/v2\/pages"}],"about":[{"href":"https:\/\/aik.se\/kamratklubben\/wp-json\/wp\/v2\/types\/page"}],"author":[{"embeddable":true,"href":"https:\/\/aik.se\/kamratklubben\/wp-json\/wp\/v2\/users\/24"}],"replies":[{"embeddable":true,"href":"https:\/\/aik.se\/kamratklubben\/wp-json\/wp\/v2\/comments?post=856"}],"version-history":[{"count":16,"href":"https:\/\/aik.se\/kamratklubben\/wp-json\/wp\/v2\/pages\/856\/revisions"}],"predecessor-version":[{"id":1170,"href":"https:\/\/aik.se\/kamratklubben\/wp-json\/wp\/v2\/pages\/856\/revisions\/1170"}],"wp:attachment":[{"href":"https:\/\/aik.se\/kamratklubben\/wp-json\/wp\/v2\/media?parent=856"}],"curies":[{"name":"wp","href":"https:\/\/api.w.org\/{rel}","templated":true}]}}