{"id":876,"date":"2023-09-28T14:17:28","date_gmt":"2023-09-28T12:17:28","guid":{"rendered":"https:\/\/aik.se\/kamratklubben\/?page_id=876"},"modified":"2023-09-28T14:23:12","modified_gmt":"2023-09-28T12:23:12","slug":"stadgar","status":"publish","type":"page","link":"https:\/\/aik.se\/kamratklubben\/stadgar\/","title":{"rendered":"Stadgar"},"content":{"rendered":"\n<h2 class=\"wp-block-heading\">Stadgar f\u00f6r Kamratklubben Gamla AIK:are<br>Stiftad den 20 mars 1945<\/h2>\n\n\n\n<h4 class=\"wp-block-heading\" id=\"block-d9948d52-6d07-488b-9a1c-ae6d638560ca\">\u00a7 1. \u00c4ndam\u00e5l<\/h4>\n\n\n\n<p>Kamratklubben Gamla AIK:are, som \u00e4r en ideell f\u00f6rening stiftad den 20 mars 1945, har till \u00e4ndam\u00e5l: <\/p>\n\n\n\n<ul class=\"wp-block-list\">\n<li>att vara en sammanh\u00e5llande l\u00e4nk mellan AIK-are, som bevisat sitt intresse inom AIK genom att aktivt ha ut\u00f6vat idrott, deltagit i organisationsarbetet eller annars uppvisat ett l\u00e5ngvarigt renommerade medlemskap, <\/li>\n\n\n\n<li>att medverka till att dessa AIK-medlemmar i och med sitt fr\u00e5ntr\u00e4dande av funktioner inom AIK bibeh\u00e5ller kontakten med AIK och sina gamla kamrater, <\/li>\n\n\n\n<li>att hos dessa medlemmar verka f\u00f6r att vidmakth\u00e5lla intresset f\u00f6r AIK, <\/li>\n\n\n\n<li>att bereda medlemmarna nytta och n\u00f6je genom bedrivande av idrott av l\u00e4mpligt slag och genom s\u00e4llskapligt umg\u00e4nge samt <\/li>\n\n\n\n<li>att vara ett st\u00f6d f\u00f6r AIK.<\/li>\n<\/ul>\n\n\n\n<p>Med AIK avses Allm\u00e4nna Idrottsklubben, dess sektioner, specialidrottsf\u00f6reningar samt dess Idrotts AB.<\/p>\n\n\n\n<h4 class=\"wp-block-heading\" id=\"block-cab5b071-cdb4-407a-b57c-00438509dc52\">\u00a7 2. Medlemskap<\/h4>\n\n\n\n<p>Till medlem i Kamratklubben kan inv\u00e4ljas medlem i AIK, som uppn\u00e5tt 30 \u00e5rs \u00e5lder och som varit medlem i AIK i minst 10 \u00e5r. Ans\u00f6kan om medlemskap ska st\u00e4llas till och beslutas av styrelsen. F\u00f6r inval fordras rekommendation av medlem i Kamratklubben och styrelsens enh\u00e4lliga godk\u00e4nnande.<\/p>\n\n\n\n<p>Till hedersledamot och st\u00e4ndig ledamot kan styrelsen utse person, som varit medlem i kamratklubben i minst 10 \u00e5r och d\u00e4r utr\u00e4ttat ett f\u00f6rtj\u00e4nstfullt arbete. Styrelsens beslut ska meddelas \u00e5rsm\u00f6tet.<\/p>\n\n\n\n<h4 class=\"wp-block-heading\" id=\"block-7b998216-a88e-4ae3-8187-28a8a7768b74\">\u00a7 3. Avgifter<\/h4>\n\n\n\n<p>Intr\u00e4des- och \u00e5rsavgift fastst\u00e4lls av \u00e5rsm\u00f6tet.<\/p>\n\n\n\n<p>Medlem som trots p\u00e5minnelse underl\u00e5ter att betala \u00e5rsavgift, f\u00e5r av styrelsen uteslutas som medlem. Avgifter som utesluten medlem erlagt \u00e5terbetalas inte.<\/p>\n\n\n\n<p>Styrelsen kan i s\u00e4rskilda fall medge medlem befrielse fr\u00e5n att erl\u00e4gga avgift.<\/p>\n\n\n\n<p>Hedersledamot och st\u00e4ndig ledamot \u00e4r befriade fr\u00e5n att betala \u00e5rsavgift.<\/p>\n\n\n\n<h4 class=\"wp-block-heading\" id=\"block-6a6dafc8-db65-45a4-ba28-2c7327956c61\">\u00a7 4. Styrelse<\/h4>\n\n\n\n<p>Kamratklubbens styrelse best\u00e5r av ordf\u00f6rande och sex \u00f6vriga ledam\u00f6ter j\u00e4mte en eller tv\u00e5 suppleanter.<\/p>\n\n\n\n<p>Styrelsen utser inom sig vice ordf\u00f6rande, sekreterare, skattm\u00e4stare och klubbm\u00e4stare.<\/p>\n\n\n\n<h4 class=\"wp-block-heading\" id=\"block-d147a8c9-d4bd-4291-93ac-1f299aee360b\">\u00a7 5. \u00c5rsm\u00f6te<\/h4>\n\n\n\n<p>Ordinarie \u00e5rsm\u00f6te ska h\u00e5llas f\u00f6re april m\u00e5nads utg\u00e5ng. Kallelse till \u00e5rsm\u00f6tet ska av styrelsen ske skriftligen, via postbefordran eller e-post, till samtliga medlemmar minst 8 dagar f\u00f6re m\u00f6tet. Till kallelsen ska f\u00f6redragningslista bifogas.<\/p>\n\n\n\n<p>Vid \u00e5rsm\u00f6tet ska f\u00f6ljande \u00e4renden behandlas:<\/p>\n\n\n\n<ol class=\"wp-block-list\">\n<li>Fastst\u00e4llande av m\u00f6tets stadgeenliga utlysning. <\/li>\n\n\n\n<li>Justering av r\u00f6stl\u00e4ngd. <\/li>\n\n\n\n<li>Val av ordf\u00f6rande och sekreterare f\u00f6r m\u00f6tet. <\/li>\n\n\n\n<li>Val av tv\u00e5 justeringsm\u00e4n f\u00f6r m\u00f6tets protokoll. <\/li>\n\n\n\n<li>F\u00f6redragning av styrelseber\u00e4ttelse. <\/li>\n\n\n\n<li>F\u00f6redragning av revisionsber\u00e4ttelse. <\/li>\n\n\n\n<li>Fastst\u00e4llande av balansr\u00e4kning. <\/li>\n\n\n\n<li>Fr\u00e5ga om ansvarsfrihet f\u00f6r styrelsen. <\/li>\n\n\n\n<li>Fastst\u00e4llande av \u00e5rsavgift och intr\u00e4desavgift. <\/li>\n\n\n\n<li>Val av ordf\u00f6rande f\u00f6r ett \u00e5r. <\/li>\n\n\n\n<li>Val av tre styrelseledam\u00f6ter f\u00f6r tv\u00e5 \u00e5r. <\/li>\n\n\n\n<li>Val av en eller tv\u00e5 styrelsesuppleanter f\u00f6r ett \u00e5r. <\/li>\n\n\n\n<li>Val av tv\u00e5 revisorer och en revisorssuppleant f\u00f6r ett \u00e5r. <\/li>\n\n\n\n<li>Val f\u00f6r ett \u00e5r av en valberedning best\u00e5ende av tre ledam\u00f6ter, varav en sammankallande.<\/li>\n\n\n\n<li>Behandling av fr\u00e5gor som anm\u00e4lts av styrelsen eller som f\u00f6re den 1 mars skriftligen l\u00e4mnats in till styrelsen av n\u00e5gon av Kamratklubbens medlemmar.<\/li>\n<\/ol>\n\n\n\n<h4 class=\"wp-block-heading\" id=\"block-782383b2-e9b8-4e2a-9759-484bde609658\">\u00a7 6. Sammantr\u00e4den<\/h4>\n\n\n\n<p>Om minst fem medlemmar g\u00f6r en framst\u00e4llan d\u00e4rom till styrelsen, eller om styrelsen s\u00e5 finner l\u00e4mpligt, ska sammantr\u00e4de \u00e4ga rum. Kallelse ska ske p\u00e5 samma s\u00e4tt som till ordinarie \u00e5rsm\u00f6te.<\/p>\n\n\n\n<p>Vid Kamratklubbens sammankomster kan medlem, med styrelsens godk\u00e4nnande, ta med g\u00e4ster.<\/p>\n\n\n\n<h4 class=\"wp-block-heading\" id=\"block-10c10376-f393-4b79-ae20-7d6eebab36ec\">\u00a7 7. R\u00f6str\u00e4tt<\/h4>\n\n\n\n<p>Varje medlem, som fullgjort sina skyldigheter till Kamratklubben, har r\u00e4tt att n\u00e4rvara vid dess m\u00f6ten och sammantr\u00e4den och d\u00e4r ut\u00f6va sin r\u00f6str\u00e4tt med en r\u00f6st. Vid lika r\u00f6stetal har ordf\u00f6randen utslagsr\u00f6st.<\/p>\n\n\n\n<p>All r\u00f6stning sker \u00f6ppet, s\u00e5vida inte n\u00e5gon medlem beg\u00e4r sluten omr\u00f6stning.<\/p>\n\n\n\n<h4 class=\"wp-block-heading\" id=\"block-27f0febf-972b-4271-a5a1-52ac3463e298\">\u00a7 8. Uteslutning<\/h4>\n\n\n\n<p>Medlem, som bryter mot dessa stadgar, mot idrottens v\u00e4rdegrunder eller p\u00e5 annat s\u00e4tt handlar- motverkar Kamratklubbens \u00e4ndam\u00e5l och intressen, f\u00e5r av styrelsen uteslutas som medlem i Kamratklubben. Innan styrelsen tar st\u00e4llning till utslutning av medlem, ska medlemmen ges tillf\u00e4lle att inom fjorton dagar skriftligen yttra sig i \u00e4rendet.<\/p>\n\n\n\n<p>Betr\u00e4ffande uteslutning av medlem som underl\u00e5ter att betala \u00e5rsavgift finns f\u00f6reskrifter i 3 \u00a7.<\/p>\n\n\n\n<p>Beslut om uteslutning tr\u00e4der i kraft med omedelbar verkan. Avgifter som erlagts av den uteslutne medlemmen \u00e5terbetalas inte.<\/p>\n\n\n\n<h4 class=\"wp-block-heading\" id=\"block-1397011e-c8b6-46b6-bc50-16e612a4580b\">\u00a7 9. Emblem<\/h4>\n\n\n\n<p>Emblem f\u00f6r Kamratklubben \u00e4r AIK:s klubbm\u00e4rke med lagerkrans.<\/p>\n\n\n\n<h4 class=\"wp-block-heading\" id=\"block-e1f781e5-74c8-4c2f-947c-e08852495865\">\u00a7 10. Kamratklubbens uppl\u00f6sning<\/h4>\n\n\n\n<p>F\u00f6r Kamratklubbens uppl\u00f6sning fordras beslut med minst 3\/4 majoritet vid tv\u00e5 p\u00e5 varandra f\u00f6ljande ordinarie \u00e5rsm\u00f6ten. Kamratklubbens tillg\u00e5ngar vid uppl\u00f6sningen ska \u00f6verl\u00e4mnas till AIK som g\u00e5va.<\/p>\n\n\n\n<p>Om AIK upph\u00f6rt att existera vid detta tillf\u00e4lle, ska tillg\u00e5ngarna i st\u00e4llet \u00f6verl\u00e4mnas till annan idrottsorganisation. Beslut om detta fattas i samband med Kamratklubbens uppl\u00f6sning.<\/p>\n\n\n\n<h4 class=\"wp-block-heading\" id=\"block-6a73197c-9969-4737-a649-dff42a554803\">\u00a7 11. Stadge\u00e4ndring<\/h4>\n\n\n\n<p>\u00c4ndring av dessa stadgar f\u00e5r ske genom enh\u00e4lligt beslut vid \u00e5rsm\u00f6te eller genom beslut med 2\/3 majoritet av tv\u00e5 p\u00e5 varandra f\u00f6ljande sammantr\u00e4den, av vilka det ena skall vara \u00e5rsm\u00f6te, och mellan vilka minst en m\u00e5nad f\u00f6rflutit.<\/p>\n\n\n\n<p>Dessa stadgar antogs enh\u00e4lligt vid \u00e5rsm\u00f6tet den 14 september 2020.<\/p>\n","protected":false},"excerpt":{"rendered":"<p>Stadgar f\u00f6r Kamratklubben Gamla AIK:areStiftad den 20 mars 1945 \u00a7 1. \u00c4ndam\u00e5l Kamratklubben Gamla AIK:are, som \u00e4r en ideell f\u00f6rening stiftad den 20 mars 1945, har till \u00e4ndam\u00e5l: Med AIK [&hellip;]<\/p>\n","protected":false},"author":24,"featured_media":0,"parent":0,"menu_order":0,"comment_status":"closed","ping_status":"closed","template":"","meta":{"_kad_blocks_custom_css":"","_kad_blocks_head_custom_js":"","_kad_blocks_body_custom_js":"","_kad_blocks_footer_custom_js":"","_EventAllDay":false,"_EventTimezone":"","_EventStartDate":"","_EventEndDate":"","_EventStartDateUTC":"","_EventEndDateUTC":"","_EventShowMap":false,"_EventShowMapLink":false,"_EventURL":"","_EventCost":"","_EventCostDescription":"","_EventCurrencySymbol":"","_EventCurrencyCode":"","_EventCurrencyPosition":"","_EventDateTimeSeparator":"","_EventTimeRangeSeparator":"","_EventOrganizerID":[],"_EventVenueID":[],"_OrganizerEmail":"","_OrganizerPhone":"","_OrganizerWebsite":"","_VenueAddress":"","_VenueCity":"","_VenueCountry":"","_VenueProvince":"","_VenueState":"","_VenueZip":"","_VenuePhone":"","_VenueURL":"","_VenueStateProvince":"","_VenueLat":"","_VenueLng":"","_VenueShowMap":false,"_VenueShowMapLink":false,"_vp_format_video_url":"","_vp_image_focal_point":[],"_vp_custom_popup_image":0,"_vp_format_audio_url":"","_vp_album_images":[],"_vp_custom_thumbnail":0,"_vp_custom_thumbnail_focal_point":[],"_vp_custom_thumbnail_cover":0,"_vp_hover_thumbnail":0,"_vp_hover_thumbnail_focal_point":[],"footnotes":""},"class_list":["post-876","page","type-page","status-publish","hentry"],"blocksy_meta":[],"taxonomy_info":[],"featured_image_src_large":false,"author_info":{"display_name":"Realisatorerna","author_link":"https:\/\/aik.se\/kamratklubben\/author\/realisatorerna\/"},"comment_info":0,"_links":{"self":[{"href":"https:\/\/aik.se\/kamratklubben\/wp-json\/wp\/v2\/pages\/876","targetHints":{"allow":["GET"]}}],"collection":[{"href":"https:\/\/aik.se\/kamratklubben\/wp-json\/wp\/v2\/pages"}],"about":[{"href":"https:\/\/aik.se\/kamratklubben\/wp-json\/wp\/v2\/types\/page"}],"author":[{"embeddable":true,"href":"https:\/\/aik.se\/kamratklubben\/wp-json\/wp\/v2\/users\/24"}],"replies":[{"embeddable":true,"href":"https:\/\/aik.se\/kamratklubben\/wp-json\/wp\/v2\/comments?post=876"}],"version-history":[{"count":2,"href":"https:\/\/aik.se\/kamratklubben\/wp-json\/wp\/v2\/pages\/876\/revisions"}],"predecessor-version":[{"id":883,"href":"https:\/\/aik.se\/kamratklubben\/wp-json\/wp\/v2\/pages\/876\/revisions\/883"}],"wp:attachment":[{"href":"https:\/\/aik.se\/kamratklubben\/wp-json\/wp\/v2\/media?parent=876"}],"curies":[{"name":"wp","href":"https:\/\/api.w.org\/{rel}","templated":true}]}}