{"id":482,"date":"2023-04-26T13:44:54","date_gmt":"2023-04-26T11:44:54","guid":{"rendered":"https:\/\/aik.se\/boule\/?page_id=482"},"modified":"2025-05-23T13:01:12","modified_gmt":"2025-05-23T11:01:12","slug":"klader-3","status":"publish","type":"page","link":"https:\/\/aik.se\/petanque\/tavling\/klader-3\/","title":{"rendered":"Kl\u00e4der"},"content":{"rendered":"\n<p>Kl\u00e4der best\u00e4lls via epost till <a href=\"mailto:kassor@aikpetanque.se\">kassor@aikpetanque.se<\/a><\/p>\n\n\n\n<p>Betalning sker efter leverans p\u00e5 <strong>Plusgiro:<\/strong>&nbsp;60 06 35 \u2013 7<\/p>\n\n\n\n<p>Allt utom Vindjackan och byxor finns ocks\u00e5 i vitt. Kolla m\u00e5ttlistan nedan s\u00e5 du best\u00e4ller r\u00e4tt storlek <\/p>\n\n\n\n<p>Priser nedan \u00e4r inklusive moms. Tryck kostnad tillkommer (40kr\/st.) T.ex  efternamn p\u00e5 ryggen<\/p>\n\n\n\n<p>Accessoirer som t.ex kepsar\/mossor hittar du alltid p\u00e5 <a href=\"https:\/\/www.aikshop.se\/\">AIK shopen<\/a><\/p>\n\n\n\n<div data-wp-interactive=\"core\/file\" class=\"wp-block-file\"><object data-wp-bind--hidden=\"!state.hasPdfPreview\" hidden class=\"wp-block-file__embed\" data=\"https:\/\/aik.se\/petanque\/wp-content\/uploads\/sites\/7\/2025\/02\/AIK_BOULE_KATALOG_2025_V2.pdf\" type=\"application\/pdf\" style=\"width:100%;height:600px\" aria-label=\"Inb\u00e4ddning av AIK_BOULE_KATALOG_2025_V2.\"><\/object><a id=\"wp-block-file--media-6f7c18b7-a940-4c5a-a7bc-58838a993694\" href=\"https:\/\/aik.se\/petanque\/wp-content\/uploads\/sites\/7\/2025\/02\/AIK_BOULE_KATALOG_2025_V2.pdf\">AIK_BOULE_KATALOG_2025_V2<\/a><a href=\"https:\/\/aik.se\/petanque\/wp-content\/uploads\/sites\/7\/2025\/02\/AIK_BOULE_KATALOG_2025_V2.pdf\" class=\"wp-block-file__button wp-element-button\" download aria-describedby=\"wp-block-file--media-6f7c18b7-a940-4c5a-a7bc-58838a993694\">Ladda ner<\/a><\/div>\n\n\n\n<p>F\u00f6r detaljbeskrivning om pris (ink moms), kvalitet, storlek samt flera bilder, f\u00f6lj l\u00e4nken nedan:<\/p>\n\n\n<style>.kb-table-container482_804ae5-6b{overflow-x:auto;}.kb-table-container .kb-table482_804ae5-6b th{padding-top:var(--global-kb-spacing-xxs, 0.5rem);padding-right:var(--global-kb-spacing-xxs, 0.5rem);padding-bottom:var(--global-kb-spacing-xxs, 0.5rem);padding-left:var(--global-kb-spacing-xxs, 0.5rem);text-align:center;}.kb-table-container .kb-table482_804ae5-6b caption{text-align:center;}.kb-table-container .kb-table482_804ae5-6b td{padding-top:var(--global-kb-spacing-xxs, 0.5rem);padding-right:var(--global-kb-spacing-xxs, 0.5rem);padding-bottom:var(--global-kb-spacing-xxs, 0.5rem);padding-left:var(--global-kb-spacing-xxs, 0.5rem);text-align:left;}<\/style><div class=\"kb-table-container kb-table-container482_804ae5-6b wp-block-kadence-table\"><table class=\"kb-table kb-table482_804ae5-6b\">\n<tr class=\"kb-table-row kb-table-row482_32352a-33\">\n<td class=\"kb-table-data kb-table-data482_248bbe-c3\">\n\n<p>Beteckning<\/p>\n\n<\/td>\n\n<td class=\"kb-table-data kb-table-data482_42630b-50\">\n\n<p>Pris<\/p>\n\n<\/td>\n\n<td class=\"kb-table-data kb-table-data482_30185e-8e\">\n\n<p>L\u00e4nk <\/p>\n\n<\/td>\n<\/tr>\n\n<tr class=\"kb-table-row kb-table-row482_54d690-4d\">\n<td class=\"kb-table-data kb-table-data482_dd16f3-af\">\n\n<p>AIK-1001 <\/p>\n\n<\/td>\n\n<td class=\"kb-table-data kb-table-data482_7da8d6-45\">\n\n<p>131 kr<\/p>\n\n<\/td>\n\n<td class=\"kb-table-data kb-table-data482_f44910-ad\">\n\n<p><a href=\"https:\/\/www.stormtextil.dk\/en\/products\/st103-cam\" target=\"_blank\" rel=\"noreferrer noopener\">ST103 Cam | Storm Textil<\/a><\/p>\n\n<\/td>\n<\/tr>\n\n<tr class=\"kb-table-row kb-table-row482_601cc7-6a\">\n<td class=\"kb-table-data kb-table-data482_d35153-1c\">\n\n<p>AIK-1002<\/p>\n\n<\/td>\n\n<td class=\"kb-table-data kb-table-data482_8431df-bb\">\n\n<p>131 kr<\/p>\n\n<\/td>\n\n<td class=\"kb-table-data kb-table-data482_e8460b-93\">\n\n<p><a href=\"https:\/\/www.stormtextil.dk\/en\/products\/st200-lady-cam\" target=\"_blank\" rel=\"noreferrer noopener\">ST200 Lady Cam | Storm Textil<\/a><\/p>\n\n<\/td>\n<\/tr>\n\n<tr class=\"kb-table-row kb-table-row482_1d3f6f-f2\">\n<td class=\"kb-table-data kb-table-data482_9b9da6-5b\">\n\n<p>AIK-1003<\/p>\n\n<\/td>\n\n<td class=\"kb-table-data kb-table-data482_70de38-0a\">\n\n<p>219 kr<\/p>\n\n<\/td>\n\n<td class=\"kb-table-data kb-table-data482_20ce56-6f\">\n\n<p><a href=\"https:\/\/www.stormtextil.dk\/en\/products\/st802-uni-polo\" target=\"_blank\" rel=\"noreferrer noopener\">ST802 Uni Polo | Quality polo<\/a><\/p>\n\n<\/td>\n<\/tr>\n\n<tr class=\"kb-table-row kb-table-row482_d100e4-09\">\n<td class=\"kb-table-data kb-table-data482_2946c1-fa\">\n\n<p>AIK-1004<\/p>\n\n<\/td>\n\n<td class=\"kb-table-data kb-table-data482_0c82d8-82\">\n\n<p>312 kr<\/p>\n\n<\/td>\n\n<td class=\"kb-table-data kb-table-data482_151ab6-18\">\n\n<p><a href=\"https:\/\/www.stormtextil.dk\/en\/products\/st702-heavy-sweat\" target=\"_blank\" rel=\"noreferrer noopener\">ST702 Heavy Sweat | Storm Textil<\/a><\/p>\n\n<\/td>\n<\/tr>\n\n<tr class=\"kb-table-row kb-table-row482_5d793e-07\">\n<td class=\"kb-table-data kb-table-data482_567227-b5\">\n\n<p>AIK-1005<\/p>\n\n<\/td>\n\n<td class=\"kb-table-data kb-table-data482_cc2e10-c0\">\n\n<p>350 kr<\/p>\n\n<\/td>\n\n<td class=\"kb-table-data kb-table-data482_da58d9-21\">\n\n<p><a href=\"https:\/\/www.stormtextil.dk\/en\/products\/st718-hooded-sweat\" target=\"_blank\" rel=\"noreferrer noopener\">ST718 Hooded Sweat | Storm Textil<\/a><\/p>\n\n<\/td>\n<\/tr>\n\n<tr class=\"kb-table-row kb-table-row482_3654b4-ed\">\n<td class=\"kb-table-data kb-table-data482_3ed048-8a\">\n\n<p>AIK-1006<\/p>\n\n<\/td>\n\n<td class=\"kb-table-data kb-table-data482_21159c-70\">\n\n<p>469 kr<\/p>\n\n<\/td>\n\n<td class=\"kb-table-data kb-table-data482_03d5ea-cf\">\n\n<p><a href=\"https:\/\/www.stormtextil.dk\/en\/products\/st722-hooded-zip-sweat\" target=\"_blank\" rel=\"noreferrer noopener\">ST722 Hooded Zip Sweat | Storm Textil<\/a><\/p>\n\n<\/td>\n<\/tr>\n\n<tr class=\"kb-table-row kb-table-row482_3ba9aa-45\">\n<td class=\"kb-table-data kb-table-data482_41d90f-cc\">\n\n<p>AIK-1007<\/p>\n\n<\/td>\n\n<td class=\"kb-table-data kb-table-data482_00ff79-20\">\n\n<p>331 kr<\/p>\n\n<\/td>\n\n<td class=\"kb-table-data kb-table-data482_5537f8-bf\">\n\n<p><a href=\"https:\/\/www.stormtextil.dk\/en\/products\/st799-sport-sweat-pants\" target=\"_blank\" rel=\"noreferrer noopener\">ST799 Sport sweat pants | Storm Textil<\/a><\/p>\n\n<\/td>\n<\/tr>\n\n<tr class=\"kb-table-row kb-table-row482_c3b942-9d\">\n<td class=\"kb-table-data kb-table-data482_bf746d-cd\">\n\n<p>AIK-1008<\/p>\n\n<\/td>\n\n<td class=\"kb-table-data kb-table-data482_0348db-d5\">\n\n<p>469 kr<\/p>\n\n<\/td>\n\n<td class=\"kb-table-data kb-table-data482_4f6967-f2\">\n\n<p>Vindjacka<\/p>\n\n<\/td>\n<\/tr>\n<\/table><\/div>\n\n\n<p><\/p>\n","protected":false},"excerpt":{"rendered":"<p>Kl\u00e4der best\u00e4lls via epost till kassor@aikpetanque.se Betalning sker efter leverans p\u00e5 Plusgiro:&nbsp;60 06 35 \u2013 7 Allt utom Vindjackan och byxor finns ocks\u00e5 i vitt. Kolla m\u00e5ttlistan nedan s\u00e5 du [&hellip;]<\/p>\n","protected":false},"author":73,"featured_media":0,"parent":60,"menu_order":0,"comment_status":"closed","ping_status":"closed","template":"","meta":{"_kad_blocks_custom_css":"","_kad_blocks_head_custom_js":"","_kad_blocks_body_custom_js":"","_kad_blocks_footer_custom_js":"","_EventAllDay":false,"_EventTimezone":"","_EventStartDate":"","_EventEndDate":"","_EventStartDateUTC":"","_EventEndDateUTC":"","_EventShowMap":false,"_EventShowMapLink":false,"_EventURL":"","_EventCost":"","_EventCostDescription":"","_EventCurrencySymbol":"","_EventCurrencyCode":"","_EventCurrencyPosition":"","_EventDateTimeSeparator":"","_EventTimeRangeSeparator":"","_EventOrganizerID":[],"_EventVenueID":[],"_OrganizerEmail":"","_OrganizerPhone":"","_OrganizerWebsite":"","_VenueAddress":"","_VenueCity":"","_VenueCountry":"","_VenueProvince":"","_VenueState":"","_VenueZip":"","_VenuePhone":"","_VenueURL":"","_VenueStateProvince":"","_VenueLat":"","_VenueLng":"","_VenueShowMap":false,"_VenueShowMapLink":false,"_vp_format_video_url":"","_vp_image_focal_point":[],"_vp_custom_popup_image":0,"_vp_format_audio_url":"","_vp_album_images":[],"_vp_custom_thumbnail":0,"_vp_custom_thumbnail_focal_point":[],"_vp_custom_thumbnail_cover":0,"_vp_hover_thumbnail":0,"_vp_hover_thumbnail_focal_point":[],"footnotes":""},"class_list":["post-482","page","type-page","status-publish","hentry"],"blocksy_meta":{"background":{"desktop":{"background_type":"image","background_pattern":"type-1","background_image":{"attachment_id":411,"x":0,"y":0,"url":"https:\/\/aik.se\/boule\/wp-content\/uploads\/sites\/7\/2023\/04\/aik_monster_svart_1-utan-gul-1920x2382.png"},"gradient":"linear-gradient(135deg,rgba(6,147,227,1) 0%,rgb(155,81,224) 100%)","background_repeat":"repeat","background_size":"contain","background_attachment":"fixed","patternColor":{"default":{"color":"#e5e7ea"}},"overlayColor":{"default":{"color":"rgba(255, 255, 255, 0.63)"}},"backgroundColor":{"default":{"color":"#ffffff"}}},"tablet":{"background_type":"image","background_pattern":"type-1","background_image":{"attachment_id":411,"x":0,"y":0,"url":"https:\/\/aik.se\/boule\/wp-content\/uploads\/sites\/7\/2023\/04\/aik_monster_svart_1-utan-gul-1920x2382.png"},"gradient":"linear-gradient(135deg,rgba(6,147,227,1) 0%,rgb(155,81,224) 100%)","background_repeat":"repeat","background_size":"contain","background_attachment":"fixed","patternColor":{"default":{"color":"#e5e7ea"}},"overlayColor":{"default":{"color":"rgba(255, 255, 255, 0.63)"}},"backgroundColor":{"default":{"color":"#ffffff"}}},"mobile":{"background_type":"image","background_pattern":"type-1","background_image":{"attachment_id":411,"x":0,"y":0,"url":"https:\/\/aik.se\/boule\/wp-content\/uploads\/sites\/7\/2023\/04\/aik_monster_svart_1-utan-gul-1920x2382.png"},"gradient":"linear-gradient(135deg,rgba(6,147,227,1) 0%,rgb(155,81,224) 100%)","background_repeat":"repeat","background_size":"contain","background_attachment":"fixed","patternColor":{"default":{"color":"#e5e7ea"}},"overlayColor":{"default":{"color":"rgba(255, 255, 255, 0.63)"}},"backgroundColor":{"default":{"color":"#ffffff"}}},"__changed":[]},"styles_descriptor":{"styles":{"desktop":"[data-prefix=\"single_page\"] {background-position:0% 0%;background-size:contain;background-attachment:fixed;background-color:#ffffff;background-image:linear-gradient(rgba(255, 255, 255, 0.63), rgba(255, 255, 255, 0.63)), url(https:\/\/aik.se\/boule\/wp-content\/uploads\/sites\/7\/2023\/04\/aik_monster_svart_1-utan-gul.png);}","tablet":"","mobile":""},"google_fonts":[],"version":6}},"taxonomy_info":[],"featured_image_src_large":false,"author_info":{"display_name":"remivesvre","author_link":"https:\/\/aik.se\/petanque\/author\/remivesvre\/"},"comment_info":0,"_links":{"self":[{"href":"https:\/\/aik.se\/petanque\/wp-json\/wp\/v2\/pages\/482","targetHints":{"allow":["GET"]}}],"collection":[{"href":"https:\/\/aik.se\/petanque\/wp-json\/wp\/v2\/pages"}],"about":[{"href":"https:\/\/aik.se\/petanque\/wp-json\/wp\/v2\/types\/page"}],"author":[{"embeddable":true,"href":"https:\/\/aik.se\/petanque\/wp-json\/wp\/v2\/users\/73"}],"replies":[{"embeddable":true,"href":"https:\/\/aik.se\/petanque\/wp-json\/wp\/v2\/comments?post=482"}],"version-history":[{"count":34,"href":"https:\/\/aik.se\/petanque\/wp-json\/wp\/v2\/pages\/482\/revisions"}],"predecessor-version":[{"id":1268,"href":"https:\/\/aik.se\/petanque\/wp-json\/wp\/v2\/pages\/482\/revisions\/1268"}],"up":[{"embeddable":true,"href":"https:\/\/aik.se\/petanque\/wp-json\/wp\/v2\/pages\/60"}],"wp:attachment":[{"href":"https:\/\/aik.se\/petanque\/wp-json\/wp\/v2\/media?parent=482"}],"curies":[{"name":"wp","href":"https:\/\/api.w.org\/{rel}","templated":true}]}}